CRAN Package Check Results for Package rmsfact

Last updated on 2025-11-28 12:48:49 CET.

Flavor Version Tinstall Tcheck Ttotal Status Flags
r-devel-linux-x86_64-debian-clang 0.0.3 1.51 17.52 19.03 NOTE
r-devel-linux-x86_64-debian-gcc 0.0.3 1.35 15.21 16.56 NOTE
r-devel-linux-x86_64-fedora-clang 0.0.3 28.20 OK
r-devel-linux-x86_64-fedora-gcc 0.0.3 26.83 OK
r-devel-windows-x86_64 0.0.3 3.00 32.00 35.00 OK
r-patched-linux-x86_64 0.0.3 1.61 16.33 17.94 OK
r-release-linux-x86_64 0.0.3 1.54 16.31 17.85 OK
r-release-macos-arm64 0.0.3 OK
r-release-macos-x86_64 0.0.3 1.00 19.00 20.00 OK
r-release-windows-x86_64 0.0.3 3.00 31.00 34.00 OK
r-oldrel-macos-arm64 0.0.3 OK
r-oldrel-macos-x86_64 0.0.3 1.00 18.00 19.00 OK
r-oldrel-windows-x86_64 0.0.3 2.00 34.00 36.00 OK

Check Details

Version: 0.0.3
Check: CRAN incoming feasibility
Result: NOTE Maintainer: ‘Dirk Eddelbuettel <edd@debian.org>’ No Authors@R field in DESCRIPTION. Please add one, modifying Authors@R: person(given = "Dirk", family = "Eddelbuettel", role = c("aut", "cre"), email = "edd@debian.org") as necessary. Flavors: r-devel-linux-x86_64-debian-clang, r-devel-linux-x86_64-debian-gcc

mirror server hosted at Truenetwork, Russian Federation.