CRAN Package Check Results for Package rmoo

Last updated on 2025-02-21 17:50:53 CET.

Flavor Version Tinstall Tcheck Ttotal Status Flags
r-devel-linux-x86_64-debian-clang 0.2.0 11.03 72.12 83.15 NOTE
r-devel-linux-x86_64-debian-gcc 0.2.0 8.00 49.72 57.72 NOTE
r-devel-linux-x86_64-fedora-clang 0.2.0 132.14 NOTE
r-devel-linux-x86_64-fedora-gcc 0.2.0 120.58 NOTE
r-devel-macos-arm64 0.2.0 36.00 NOTE
r-devel-macos-x86_64 0.2.0 76.00 NOTE
r-devel-windows-x86_64 0.2.0 12.00 94.00 106.00 NOTE
r-patched-linux-x86_64 0.2.0 10.37 67.28 77.65 NOTE
r-release-linux-x86_64 0.2.0 11.16 66.32 77.48 NOTE
r-release-macos-arm64 0.2.0 39.00 NOTE
r-release-macos-x86_64 0.2.0 109.00 NOTE
r-release-windows-x86_64 0.2.0 12.00 91.00 103.00 NOTE
r-oldrel-macos-arm64 0.2.0 38.00 OK
r-oldrel-macos-x86_64 0.2.0 66.00 OK
r-oldrel-windows-x86_64 0.2.0 17.00 108.00 125.00 OK

Check Details

Version: 0.2.0
Check: Rd files
Result: NOTE checkRd: (-1) nsgaControl.Rd:20-27: Lost braces in \itemize; meant \describe ? checkRd: (-1) nsgaControl.Rd:28-35: Lost braces in \itemize; meant \describe ? checkRd: (-1) nsgaControl.Rd:36-43: Lost braces in \itemize; meant \describe ? checkRd: (-1) nsgaControl.Rd:45: Lost braces in \itemize; meant \describe ? checkRd: (-1) plot-methods.Rd:53: Lost braces in \itemize; meant \describe ? checkRd: (-1) plot-methods.Rd:54: Lost braces in \itemize; meant \describe ? checkRd: (-1) plot-methods.Rd:55: Lost braces in \itemize; meant \describe ? checkRd: (-1) plot-methods.Rd:56: Lost braces in \itemize; meant \describe ? Flavors: r-devel-linux-x86_64-debian-clang, r-devel-linux-x86_64-debian-gcc, r-devel-linux-x86_64-fedora-clang, r-devel-linux-x86_64-fedora-gcc, r-devel-macos-arm64, r-devel-macos-x86_64, r-devel-windows-x86_64, r-patched-linux-x86_64, r-release-linux-x86_64, r-release-macos-arm64, r-release-macos-x86_64, r-release-windows-x86_64

mirror server hosted at Truenetwork, Russian Federation.