CRAN Package Check Results for Package rminqa

Last updated on 2025-07-12 12:48:39 CEST.

Flavor Version Tinstall Tcheck Ttotal Status Flags
r-devel-linux-x86_64-debian-clang 0.2.2 13.92 21.71 35.63 NOTE
r-devel-linux-x86_64-debian-gcc 0.2.2 7.99 18.19 26.18 NOTE
r-devel-linux-x86_64-fedora-clang 0.2.2 60.29 NOTE
r-devel-linux-x86_64-fedora-gcc 0.2.2 53.10 NOTE
r-devel-windows-x86_64 0.2.2 15.00 61.00 76.00 NOTE
r-patched-linux-x86_64 0.2.2 12.07 21.03 33.10 NOTE
r-release-linux-x86_64 0.2.2 11.79 20.56 32.35 NOTE
r-release-macos-arm64 0.2.2 21.00 NOTE
r-release-macos-x86_64 0.2.2 36.00 NOTE
r-release-windows-x86_64 0.2.2 16.00 64.00 80.00 NOTE
r-oldrel-macos-arm64 0.2.2 20.00 NOTE
r-oldrel-macos-x86_64 0.2.2 30.00 NOTE
r-oldrel-windows-x86_64 0.2.2 14.00 81.00 95.00 NOTE

Check Details

Version: 0.2.2
Check: C++ specification
Result: NOTE Specified C++11: please drop specification unless essential Flavors: r-devel-linux-x86_64-debian-clang, r-devel-linux-x86_64-debian-gcc, r-devel-linux-x86_64-fedora-clang, r-devel-linux-x86_64-fedora-gcc, r-devel-windows-x86_64, r-patched-linux-x86_64, r-release-linux-x86_64, r-release-macos-arm64, r-release-macos-x86_64, r-release-windows-x86_64, r-oldrel-macos-arm64, r-oldrel-macos-x86_64, r-oldrel-windows-x86_64

mirror server hosted at Truenetwork, Russian Federation.