Last updated on 2025-02-21 17:50:53 CET.
Flavor | Version | Tinstall | Tcheck | Ttotal | Status | Flags |
---|---|---|---|---|---|---|
r-devel-linux-x86_64-debian-clang | 1.0.0 | 5.40 | 58.10 | 63.50 | OK | |
r-devel-linux-x86_64-debian-gcc | 1.0.0 | 3.88 | 44.02 | 47.90 | OK | |
r-devel-linux-x86_64-fedora-clang | 1.0.0 | 100.06 | OK | |||
r-devel-linux-x86_64-fedora-gcc | 1.0.0 | 114.12 | OK | |||
r-devel-macos-arm64 | 1.0.0 | 40.00 | OK | |||
r-devel-macos-x86_64 | 1.0.0 | 70.00 | OK | |||
r-devel-windows-x86_64 | 1.0.0 | 7.00 | 86.00 | 93.00 | OK | |
r-patched-linux-x86_64 | 1.0.0 | 6.02 | 54.46 | 60.48 | NOTE | |
r-release-linux-x86_64 | 1.0.0 | 4.13 | 54.15 | 58.28 | NOTE | |
r-release-macos-arm64 | 1.0.0 | 42.00 | NOTE | |||
r-release-macos-x86_64 | 1.0.0 | 62.00 | NOTE | |||
r-release-windows-x86_64 | 1.0.0 | 8.00 | 78.00 | 86.00 | NOTE | |
r-oldrel-macos-arm64 | 1.0.0 | 43.00 | NOTE | |||
r-oldrel-macos-x86_64 | 1.0.0 | 64.00 | NOTE | |||
r-oldrel-windows-x86_64 | 1.0.0 | 8.00 | 85.00 | 93.00 | NOTE |
Version: 1.0.0
Check: package dependencies
Result: NOTE
Package suggested but not available for checking: ‘rnaturalearthhires’
Flavors: r-patched-linux-x86_64, r-release-linux-x86_64, r-release-macos-arm64, r-release-macos-x86_64, r-release-windows-x86_64, r-oldrel-macos-arm64, r-oldrel-macos-x86_64, r-oldrel-windows-x86_64