CRAN Package Check Results for Package rma.exact

Last updated on 2025-07-13 18:52:55 CEST.

Flavor Version Tinstall Tcheck Ttotal Status Flags
r-devel-linux-x86_64-debian-clang 0.1.0 2.26 26.64 28.90 OK
r-devel-linux-x86_64-debian-gcc 0.1.0 1.43 21.35 22.78 OK
r-devel-linux-x86_64-fedora-clang 0.1.0 43.49 OK
r-devel-linux-x86_64-fedora-gcc 0.1.0 41.62 OK
r-devel-windows-x86_64 0.1.0 3.00 50.00 53.00 OK
r-patched-linux-x86_64 0.1.0 2.30 24.32 26.62 OK
r-release-linux-x86_64 0.1.0 2.02 24.27 26.29 OK
r-release-macos-arm64 0.1.0 19.00 OK
r-release-macos-x86_64 0.1.0 55.00 OK
r-release-windows-x86_64 0.1.0 4.00 53.00 57.00 OK
r-oldrel-macos-arm64 0.1.0 18.00 NOTE
r-oldrel-macos-x86_64 0.1.0 36.00 NOTE
r-oldrel-windows-x86_64 0.1.0 4.00 55.00 59.00 NOTE

Check Details

Version: 0.1.0
Check: LazyData
Result: NOTE 'LazyData' is specified without a 'data' directory Flavors: r-oldrel-macos-arm64, r-oldrel-macos-x86_64, r-oldrel-windows-x86_64

mirror server hosted at Truenetwork, Russian Federation.