CRAN Package Check Results for Package rless

Last updated on 2025-07-13 00:48:38 CEST.

Flavor Version Tinstall Tcheck Ttotal Status Flags
r-devel-linux-x86_64-debian-clang 0.1.1 1.53 25.52 27.05 OK
r-devel-linux-x86_64-debian-gcc 0.1.1 1.32 21.31 22.63 OK
r-devel-linux-x86_64-fedora-clang 0.1.1 40.89 OK
r-devel-linux-x86_64-fedora-gcc 0.1.1 52.55 OK
r-devel-windows-x86_64 0.1.1 4.00 48.00 52.00 OK
r-patched-linux-x86_64 0.1.1 1.75 23.27 25.02 OK
r-release-linux-x86_64 0.1.1 1.45 23.25 24.70 OK
r-release-macos-arm64 0.1.1 26.00 OK
r-release-macos-x86_64 0.1.1 58.00 OK
r-release-windows-x86_64 0.1.1 3.00 47.00 50.00 OK
r-oldrel-macos-arm64 0.1.1 24.00 NOTE
r-oldrel-macos-x86_64 0.1.1 53.00 NOTE
r-oldrel-windows-x86_64 0.1.1 3.00 52.00 55.00 NOTE

Check Details

Version: 0.1.1
Check: LazyData
Result: NOTE 'LazyData' is specified without a 'data' directory Flavors: r-oldrel-macos-arm64, r-oldrel-macos-x86_64, r-oldrel-windows-x86_64

mirror server hosted at Truenetwork, Russian Federation.