CRAN Package Check Results for Package rless

Last updated on 2025-11-28 17:48:52 CET.

Flavor Version Tinstall Tcheck Ttotal Status Flags
r-devel-linux-x86_64-debian-clang 0.1.1 1.63 26.86 28.49 OK
r-devel-linux-x86_64-debian-gcc 0.1.1 1.46 22.74 24.20 OK
r-devel-linux-x86_64-fedora-clang 0.1.1 41.74 OK
r-devel-linux-x86_64-fedora-gcc 0.1.1 55.28 OK
r-devel-windows-x86_64 0.1.1 4.00 44.00 48.00 OK
r-patched-linux-x86_64 0.1.1 1.70 24.38 26.08 OK
r-release-linux-x86_64 0.1.1 1.62 24.33 25.95 OK
r-release-macos-arm64 0.1.1 OK
r-release-macos-x86_64 0.1.1 2.00 56.00 58.00 OK
r-release-windows-x86_64 0.1.1 4.00 43.00 47.00 OK
r-oldrel-macos-arm64 0.1.1 NOTE
r-oldrel-macos-x86_64 0.1.1 2.00 51.00 53.00 NOTE
r-oldrel-windows-x86_64 0.1.1 3.00 51.00 54.00 NOTE

Check Details

Version: 0.1.1
Check: LazyData
Result: NOTE 'LazyData' is specified without a 'data' directory Flavors: r-oldrel-macos-arm64, r-oldrel-macos-x86_64, r-oldrel-windows-x86_64

mirror server hosted at Truenetwork, Russian Federation.