CRAN Package Check Results for Package rkafkajars

Last updated on 2025-11-04 11:52:41 CET.

Flavor Version Tinstall Tcheck Ttotal Status Flags
r-devel-linux-x86_64-debian-clang 1.2 3.58 38.88 42.46 NOTE
r-devel-linux-x86_64-debian-gcc 1.2 2.58 30.15 32.73 NOTE
r-devel-linux-x86_64-fedora-clang 1.2 63.20 OK
r-devel-linux-x86_64-fedora-gcc 1.2 61.08 OK
r-devel-windows-x86_64 1.2 8.00 50.00 58.00 OK
r-patched-linux-x86_64 1.2 3.19 37.26 40.45 OK
r-release-linux-x86_64 1.2 3.08 37.07 40.15 OK
r-release-macos-arm64 1.2 2.00 30.00 32.00 OK
r-release-macos-x86_64 1.2 5.00 78.00 83.00 OK
r-release-windows-x86_64 1.2 9.00 48.00 57.00 OK
r-oldrel-macos-arm64 1.2 2.00 27.00 29.00 NOTE
r-oldrel-macos-x86_64 1.2 3.00 62.00 65.00 NOTE
r-oldrel-windows-x86_64 1.2 7.00 57.00 64.00 NOTE

Check Details

Version: 1.2
Check: CRAN incoming feasibility
Result: NOTE Maintainer: ‘Shruti Gupta <shrutigupta34@gmail.com>’ No Authors@R field in DESCRIPTION. Please add one, modifying Authors@R: c(person(given = "Shruti", family = "Gupta", role = c("aut", "cre"), email = "shrutigupta34@gmail.com"), person(given = "Coda", family = "Hale"), person(given = "Yammer", family = "Inc.", role = c("ctb", "cph"))) as necessary. Flavors: r-devel-linux-x86_64-debian-clang, r-devel-linux-x86_64-debian-gcc

Version: 1.2
Check: installed package size
Result: NOTE installed size is 12.1Mb sub-directories of 1Mb or more: java 12.0Mb Flavors: r-oldrel-macos-arm64, r-oldrel-macos-x86_64, r-oldrel-windows-x86_64

mirror server hosted at Truenetwork, Russian Federation.