CRAN Package Check Results for Package ridge

Last updated on 2025-07-19 06:48:41 CEST.

Flavor Version Tinstall Tcheck Ttotal Status Flags
r-devel-linux-x86_64-debian-clang 3.3 10.20 38.00 48.20 NOTE
r-devel-linux-x86_64-debian-gcc 3.3 7.94 32.80 40.74 NOTE
r-devel-linux-x86_64-fedora-clang 3.3 77.42 OK
r-devel-linux-x86_64-fedora-gcc 3.3 72.34 OK
r-devel-windows-x86_64 3.3 17.00 71.00 88.00 OK
r-patched-linux-x86_64 3.3 9.89 41.14 51.03 OK
r-release-linux-x86_64 3.3 8.85 41.44 50.29 OK
r-release-macos-arm64 3.3 41.00 OK
r-release-macos-x86_64 3.3 59.00 OK
r-release-windows-x86_64 3.3 18.00 69.00 87.00 OK
r-oldrel-macos-arm64 3.3 33.00 OK
r-oldrel-macos-x86_64 3.3 46.00 OK
r-oldrel-windows-x86_64 3.3 17.00 84.00 101.00 OK

Check Details

Version: 3.3
Check: CRAN incoming feasibility
Result: NOTE Maintainer: ‘Steffen Moritz <steffen.moritz10@gmail.com>’ Package CITATION file contains call(s) to old-style personList() or as.personList(). Please use c() on person objects instead. Flavors: r-devel-linux-x86_64-debian-clang, r-devel-linux-x86_64-debian-gcc

mirror server hosted at Truenetwork, Russian Federation.