CRAN Package Check Results for Package ri2

Last updated on 2025-07-19 06:48:41 CEST.

Flavor Version Tinstall Tcheck Ttotal Status Flags
r-devel-linux-x86_64-debian-clang 0.4.0 5.72 115.46 121.18 NOTE
r-devel-linux-x86_64-debian-gcc 0.4.0 4.65 82.92 87.57 NOTE
r-devel-linux-x86_64-fedora-clang 0.4.0 183.19 OK
r-devel-linux-x86_64-fedora-gcc 0.4.0 199.56 OK
r-devel-windows-x86_64 0.4.0 10.00 117.00 127.00 NOTE
r-patched-linux-x86_64 0.4.0 6.32 109.65 115.97 NOTE
r-release-linux-x86_64 0.4.0 5.30 109.07 114.37 NOTE
r-release-macos-arm64 0.4.0 58.00 OK
r-release-macos-x86_64 0.4.0 118.00 OK
r-release-windows-x86_64 0.4.0 10.00 115.00 125.00 NOTE
r-oldrel-macos-arm64 0.4.0 59.00 OK
r-oldrel-macos-x86_64 0.4.0 104.00 OK
r-oldrel-windows-x86_64 0.4.0 14.00 151.00 165.00 OK

Check Details

Version: 0.4.0
Check: Rd cross-references
Result: NOTE Found the following Rd file(s) with Rd \link{} targets missing package anchors: conduct_ri.Rd: declare_ra, obtain_permutation_matrix Please provide package anchors for all Rd \link{} targets not in the package itself and the base packages. Flavors: r-devel-linux-x86_64-debian-clang, r-devel-linux-x86_64-debian-gcc, r-devel-windows-x86_64, r-patched-linux-x86_64, r-release-linux-x86_64, r-release-windows-x86_64

mirror server hosted at Truenetwork, Russian Federation.