Last updated on 2025-11-04 05:51:22 CET.
| Flavor | Version | Tinstall | Tcheck | Ttotal | Status | Flags | 
|---|---|---|---|---|---|---|
| r-devel-linux-x86_64-debian-clang | 2.0-5 | 10.86 | 49.20 | 60.06 | NOTE | |
| r-devel-linux-x86_64-debian-gcc | 2.0-5 | 7.40 | 38.01 | 45.41 | NOTE | |
| r-devel-linux-x86_64-fedora-clang | 2.0-5 | 22.00 | 74.33 | 96.33 | OK | |
| r-devel-linux-x86_64-fedora-gcc | 2.0-5 | 28.00 | 80.49 | 108.49 | OK | |
| r-devel-windows-x86_64 | 2.0-5 | 13.00 | 83.00 | 96.00 | OK | |
| r-patched-linux-x86_64 | 2.0-5 | 11.38 | 45.82 | 57.20 | OK | |
| r-release-linux-x86_64 | 2.0-5 | 11.46 | 46.00 | 57.46 | OK | |
| r-release-macos-arm64 | 2.0-5 | 7.00 | 41.00 | 48.00 | OK | |
| r-release-macos-x86_64 | 2.0-5 | 9.00 | 53.00 | 62.00 | OK | |
| r-release-windows-x86_64 | 2.0-5 | 16.00 | 83.00 | 99.00 | OK | |
| r-oldrel-macos-arm64 | 2.0-5 | 7.00 | 41.00 | 48.00 | OK | |
| r-oldrel-macos-x86_64 | 2.0-5 | 12.00 | 69.00 | 81.00 | OK | |
| r-oldrel-windows-x86_64 | 2.0-5 | 17.00 | 98.00 | 115.00 | OK | 
Version: 2.0-5
Check: DESCRIPTION meta-information
Result: NOTE
  Author field differs from that derived from Authors@R
    Author:    ‘Michal Bojanowski [aut, cre] (<https://orcid.org/0000-0001-7503-852X>, Kozminski University), David Schoch [aut] (<https://orcid.org/0000-0003-2952-4812>)’
    Authors@R: ‘Michal Bojanowski [aut, cre] (ORCID: <https://orcid.org/0000-0001-7503-852X>, affil: Kozminski University), David Schoch [aut] (ORCID: <https://orcid.org/0000-0003-2952-4812>)’
Flavors: r-devel-linux-x86_64-debian-clang, r-devel-linux-x86_64-debian-gcc