Last updated on 2025-11-04 05:51:22 CET.
| Flavor | Version | Tinstall | Tcheck | Ttotal | Status | Flags | 
|---|---|---|---|---|---|---|
| r-devel-linux-x86_64-debian-clang | 0.16.3 | 5.63 | 58.54 | 64.17 | NOTE | |
| r-devel-linux-x86_64-debian-gcc | 0.16.3 | 4.36 | 45.88 | 50.24 | NOTE | |
| r-devel-linux-x86_64-fedora-clang | 0.16.3 | 14.00 | 82.65 | 96.65 | OK | |
| r-devel-linux-x86_64-fedora-gcc | 0.16.3 | 12.00 | 97.65 | 109.65 | OK | |
| r-devel-windows-x86_64 | 0.16.3 | 9.00 | 70.00 | 79.00 | OK | |
| r-patched-linux-x86_64 | 0.16.3 | 5.67 | 55.16 | 60.83 | OK | |
| r-release-linux-x86_64 | 0.16.3 | 5.85 | 54.66 | 60.51 | OK | |
| r-release-macos-arm64 | 0.16.3 | 3.00 | 59.00 | 62.00 | OK | |
| r-release-macos-x86_64 | 0.16.3 | 8.00 | 124.00 | 132.00 | OK | |
| r-release-windows-x86_64 | 0.16.3 | 9.00 | 72.00 | 81.00 | OK | |
| r-oldrel-macos-arm64 | 0.16.3 | 3.00 | 38.00 | 41.00 | OK | |
| r-oldrel-macos-x86_64 | 0.16.3 | 8.00 | 87.00 | 95.00 | OK | |
| r-oldrel-windows-x86_64 | 0.16.3 | 11.00 | 83.00 | 94.00 | OK | 
Version: 0.16.3
Check: DESCRIPTION meta-information
Result: NOTE
  Author field differs from that derived from Authors@R
    Author:    ‘George Vega Yon [aut, cre] (<https://orcid.org/0000-0002-3171-0844>), Jorge Fábrega Lacoa [ctb], Joshua Kunst [ctb], Raphaël Velt [cph] (gexf-js library), Gephi Consortium [cph] (GEXF language), Cornelius Fritz [rev] (JOSS reviewer), Jonathan Cardoso Silva [rev] (JOSS reviewer)’
    Authors@R: ‘George Vega Yon [aut, cre] (ORCID: <https://orcid.org/0000-0002-3171-0844>), Jorge Fábrega Lacoa [ctb], Joshua Kunst [ctb], Raphaël Velt [cph] (gexf-js library), Gephi Consortium [cph] (GEXF language), Cornelius Fritz [rev] (what: JOSS reviewer), Jonathan Cardoso Silva [rev] (what: JOSS reviewer)’
Flavors: r-devel-linux-x86_64-debian-clang, r-devel-linux-x86_64-debian-gcc