Last updated on 2025-11-04 05:51:22 CET.
| Flavor | Version | Tinstall | Tcheck | Ttotal | Status | Flags | 
|---|---|---|---|---|---|---|
| r-devel-linux-x86_64-debian-clang | 0.1 | 3.49 | 40.34 | 43.83 | NOTE | |
| r-devel-linux-x86_64-debian-gcc | 0.1 | 2.35 | 31.28 | 33.63 | NOTE | |
| r-devel-linux-x86_64-fedora-clang | 0.1 | 66.57 | OK | |||
| r-devel-linux-x86_64-fedora-gcc | 0.1 | 78.75 | OK | |||
| r-devel-windows-x86_64 | 0.1 | 5.00 | 60.00 | 65.00 | OK | |
| r-patched-linux-x86_64 | 0.1 | 3.63 | 38.03 | 41.66 | OK | |
| r-release-linux-x86_64 | 0.1 | 3.26 | 38.09 | 41.35 | OK | |
| r-release-macos-arm64 | 0.1 | 2.00 | 35.00 | 37.00 | OK | |
| r-release-macos-x86_64 | 0.1 | 3.00 | 49.00 | 52.00 | OK | |
| r-release-windows-x86_64 | 0.1 | 5.00 | 57.00 | 62.00 | OK | |
| r-oldrel-macos-arm64 | 0.1 | 2.00 | 29.00 | 31.00 | OK | |
| r-oldrel-macos-x86_64 | 0.1 | 3.00 | 42.00 | 45.00 | OK | |
| r-oldrel-windows-x86_64 | 0.1 | 6.00 | 71.00 | 77.00 | OK | 
Version: 0.1
Check: CRAN incoming feasibility
Result: NOTE
  Maintainer: ‘Yichuan Bai <ycbai@iastate.edu>’
  
  The Description field contains
    <arXiv:2307.12325>.
  Please refer to arXiv e-prints via their arXiv DOI <doi:10.48550/arXiv.YYMM.NNNNN>.
Flavors: r-devel-linux-x86_64-debian-clang, r-devel-linux-x86_64-debian-gcc