CRAN Package Check Results for Package revulyticsR

Last updated on 2025-05-27 18:49:59 CEST.

Flavor Version Tinstall Tcheck Ttotal Status Flags
r-devel-linux-x86_64-debian-clang 0.0.3 3.25 36.97 40.22 OK
r-devel-linux-x86_64-debian-gcc 0.0.3 3.05 27.44 30.49 OK
r-devel-linux-x86_64-fedora-clang 0.0.3 63.52 OK
r-devel-linux-x86_64-fedora-gcc 0.0.3 59.45 OK
r-devel-windows-x86_64 0.0.3 7.00 60.00 67.00 OK
r-patched-linux-x86_64 0.0.3 4.25 35.18 39.43 OK
r-release-linux-x86_64 0.0.3 3.89 34.82 38.71 OK
r-release-macos-arm64 0.0.3 25.00 OK
r-release-macos-x86_64 0.0.3 42.00 OK
r-release-windows-x86_64 0.0.3 6.00 61.00 67.00 OK
r-oldrel-macos-arm64 0.0.3 23.00 NOTE
r-oldrel-macos-x86_64 0.0.3 32.00 NOTE
r-oldrel-windows-x86_64 0.0.3 7.00 66.00 73.00 NOTE

Check Details

Version: 0.0.3
Check: LazyData
Result: NOTE 'LazyData' is specified without a 'data' directory Flavors: r-oldrel-macos-arm64, r-oldrel-macos-x86_64, r-oldrel-windows-x86_64

mirror server hosted at Truenetwork, Russian Federation.