Last updated on 2025-05-29 00:48:31 CEST.
Flavor | Version | Tinstall | Tcheck | Ttotal | Status | Flags |
---|---|---|---|---|---|---|
r-devel-linux-x86_64-debian-clang | 1.5.5 | 41.09 | 392.85 | 433.94 | OK | |
r-devel-linux-x86_64-debian-gcc | 1.5.5 | 30.97 | 222.44 | 253.41 | OK | |
r-devel-linux-x86_64-fedora-clang | 1.5.5 | 719.95 | OK | |||
r-devel-linux-x86_64-fedora-gcc | 1.5.5 | 703.80 | OK | |||
r-devel-windows-x86_64 | 1.5.5 | 48.00 | 387.00 | 435.00 | OK | |
r-patched-linux-x86_64 | 1.5.5 | 44.66 | 371.26 | 415.92 | OK | |
r-release-linux-x86_64 | 1.5.5 | 44.61 | 369.26 | 413.87 | OK | |
r-release-macos-arm64 | 1.5.5 | 140.00 | OK | |||
r-release-macos-x86_64 | 1.5.5 | 350.00 | OK | |||
r-release-windows-x86_64 | 1.5.5 | 46.00 | 379.00 | 425.00 | OK | |
r-oldrel-macos-arm64 | 1.5.5 | 160.00 | NOTE | |||
r-oldrel-macos-x86_64 | 1.5.5 | 533.00 | NOTE | |||
r-oldrel-windows-x86_64 | 1.5.5 | 58.00 | 508.00 | 566.00 | OK |
Version: 1.5.5
Check: installed package size
Result: NOTE
installed size is 5.9Mb
sub-directories of 1Mb or more:
libs 4.7Mb
Flavors: r-oldrel-macos-arm64, r-oldrel-macos-x86_64