Last updated on 2025-11-04 05:51:22 CET.
| Flavor | Version | Tinstall | Tcheck | Ttotal | Status | Flags | 
|---|---|---|---|---|---|---|
| r-devel-linux-x86_64-debian-clang | 0.2.7 | 64.66 | 44.30 | 108.96 | OK | |
| r-devel-linux-x86_64-debian-gcc | 0.2.7 | 51.14 | 34.28 | 85.42 | OK | |
| r-devel-linux-x86_64-fedora-clang | 0.2.7 | 114.00 | 53.31 | 167.31 | OK | |
| r-devel-linux-x86_64-fedora-gcc | 0.2.7 | 158.00 | 49.21 | 207.21 | OK | |
| r-devel-windows-x86_64 | 0.2.7 | 66.00 | 80.00 | 146.00 | OK | |
| r-patched-linux-x86_64 | 0.2.7 | 69.71 | 41.14 | 110.85 | OK | |
| r-release-linux-x86_64 | 0.2.7 | 69.27 | 41.98 | 111.25 | OK | |
| r-release-macos-arm64 | 0.2.7 | 28.00 | 24.00 | 52.00 | OK | |
| r-release-macos-x86_64 | 0.2.7 | 62.00 | 51.00 | 113.00 | OK | |
| r-release-windows-x86_64 | 0.2.7 | 64.00 | 78.00 | 142.00 | OK | |
| r-oldrel-macos-arm64 | 0.2.7 | 31.00 | 48.00 | 79.00 | NOTE | |
| r-oldrel-macos-x86_64 | 0.2.7 | 60.00 | 71.00 | 131.00 | NOTE | |
| r-oldrel-windows-x86_64 | 0.2.7 | 81.00 | 102.00 | 183.00 | NOTE | 
Version: 0.2.7
Check: installed package size
Result: NOTE
    installed size is 28.6Mb
    sub-directories of 1Mb or more:
      include   2.4Mb
      libs     24.5Mb
      models    1.6Mb
Flavors: r-oldrel-macos-arm64, r-oldrel-macos-x86_64, r-oldrel-windows-x86_64