Last updated on 2025-05-22 12:50:11 CEST.
Flavor | Version | Tinstall | Tcheck | Ttotal | Status | Flags |
---|---|---|---|---|---|---|
r-devel-linux-x86_64-debian-clang | 0.0.15 | 13.35 | 68.13 | 81.48 | NOTE | --no-tests |
r-devel-linux-x86_64-debian-gcc | 0.0.15 | 9.99 | 50.11 | 60.10 | NOTE | --no-tests |
r-devel-linux-x86_64-fedora-clang | 0.0.15 | 131.76 | OK | |||
r-devel-linux-x86_64-fedora-gcc | 0.0.15 | 127.90 | OK | |||
r-devel-windows-x86_64 | 0.0.15 | 15.00 | 70.00 | 85.00 | OK | --no-examples --no-tests --no-vignettes |
r-patched-linux-x86_64 | 0.0.15 | 11.78 | 66.74 | 78.52 | OK | --no-tests |
r-release-linux-x86_64 | 0.0.15 | 11.80 | 66.08 | 77.88 | OK | --no-tests |
r-release-macos-arm64 | 0.0.15 | 47.00 | OK | |||
r-release-macos-x86_64 | 0.0.15 | 87.00 | OK | |||
r-release-windows-x86_64 | 0.0.15 | 1.00 | 7.00 | 8.00 | ERROR | --no-examples --no-tests --no-vignettes |
r-oldrel-macos-arm64 | 0.0.15 | 47.00 | OK | |||
r-oldrel-macos-x86_64 | 0.0.15 | 75.00 | OK | |||
r-oldrel-windows-x86_64 | 0.0.15 | 15.00 | 62.00 | 77.00 | OK | --no-examples --no-tests --no-vignettes |
Version: 0.0.15
Flags: --no-tests
Check: CRAN incoming feasibility
Result: NOTE
Maintainer: ‘Michael Lawrence <michafla@gene.com>’
No Authors@R field in DESCRIPTION.
Please add one, modifying
Authors@R: person(given = "Michael",
family = "Lawrence",
role = c("aut", "cre"),
email = "michafla@gene.com")
as necessary.
Flavors: r-devel-linux-x86_64-debian-clang, r-devel-linux-x86_64-debian-gcc
Version: 0.0.15
Flags: --no-examples --no-tests --no-vignettes
Check: whether package can be installed
Result: ERROR
Installation failed.
Flavor: r-release-windows-x86_64