CRAN Package Check Results for Package represtools

Last updated on 2025-07-12 00:48:38 CEST.

Flavor Version Tinstall Tcheck Ttotal Status Flags
r-devel-linux-x86_64-debian-clang 0.1.3 1.78 24.03 25.81 OK
r-devel-linux-x86_64-debian-gcc 0.1.3 1.53 19.78 21.31 OK
r-devel-linux-x86_64-fedora-clang 0.1.3 39.94 OK
r-devel-linux-x86_64-fedora-gcc 0.1.3 51.52 OK
r-devel-windows-x86_64 0.1.3 3.00 48.00 51.00 OK
r-patched-linux-x86_64 0.1.3 1.98 22.11 24.09 OK
r-release-linux-x86_64 0.1.3 1.90 22.38 24.28 OK
r-release-macos-arm64 0.1.3 23.00 OK
r-release-macos-x86_64 0.1.3 42.00 OK
r-release-windows-x86_64 0.1.3 4.00 49.00 53.00 OK
r-oldrel-macos-arm64 0.1.3 22.00 NOTE
r-oldrel-macos-x86_64 0.1.3 32.00 NOTE
r-oldrel-windows-x86_64 0.1.3 4.00 53.00 57.00 NOTE

Check Details

Version: 0.1.3
Check: LazyData
Result: NOTE 'LazyData' is specified without a 'data' directory Flavors: r-oldrel-macos-arm64, r-oldrel-macos-x86_64, r-oldrel-windows-x86_64

mirror server hosted at Truenetwork, Russian Federation.