Last updated on 2025-11-04 05:51:22 CET.
| Flavor | Version | Tinstall | Tcheck | Ttotal | Status | Flags | 
|---|---|---|---|---|---|---|
| r-devel-linux-x86_64-debian-clang | 3.6 | 3.03 | 30.09 | 33.12 | NOTE | |
| r-devel-linux-x86_64-debian-gcc | 3.6 | 2.49 | 23.19 | 25.68 | NOTE | |
| r-devel-linux-x86_64-fedora-clang | 3.6 | 49.73 | OK | |||
| r-devel-linux-x86_64-fedora-gcc | 3.6 | 47.51 | OK | |||
| r-devel-windows-x86_64 | 3.6 | 4.00 | 46.00 | 50.00 | OK | |
| r-patched-linux-x86_64 | 3.6 | 3.10 | 28.31 | 31.41 | OK | |
| r-release-linux-x86_64 | 3.6 | 3.13 | 28.64 | 31.77 | OK | |
| r-release-macos-arm64 | 3.6 | 2.00 | 16.00 | 18.00 | OK | |
| r-release-macos-x86_64 | 3.6 | 3.00 | 39.00 | 42.00 | OK | |
| r-release-windows-x86_64 | 3.6 | 4.00 | 45.00 | 49.00 | OK | |
| r-oldrel-macos-arm64 | 3.6 | 2.00 | 16.00 | 18.00 | OK | |
| r-oldrel-macos-x86_64 | 3.6 | 2.00 | 26.00 | 28.00 | OK | |
| r-oldrel-windows-x86_64 | 3.6 | 6.00 | 54.00 | 60.00 | OK | 
Version: 3.6
Check: CRAN incoming feasibility
Result: NOTE
  Maintainer: ‘Zhicheng Du<dgdzc@hotmail.com>’
  
  No Authors@R field in DESCRIPTION.
  Please add one, modifying
    Authors@R: c(person(given = "Zhicheng",
                        family = "Du",
                        role = c("aut", "cre"),
                        email = "dgdzc@hotmail.com"),
                 person(given = "Yuantao",
                        family = "Hao",
                        role = "aut"))
  as necessary.
Flavors: r-devel-linux-x86_64-debian-clang, r-devel-linux-x86_64-debian-gcc