Last updated on 2025-05-26 00:48:42 CEST.
Flavor | Version | Tinstall | Tcheck | Ttotal | Status | Flags |
---|---|---|---|---|---|---|
r-devel-linux-x86_64-debian-clang | 3.4 | 118.06 | 32.45 | 150.51 | NOTE | |
r-devel-linux-x86_64-debian-gcc | 3.4 | 92.14 | 25.45 | 117.59 | NOTE | |
r-devel-linux-x86_64-fedora-clang | 3.4 | 272.63 | NOTE | |||
r-devel-linux-x86_64-fedora-gcc | 3.4 | 336.05 | NOTE | |||
r-devel-windows-x86_64 | 3.4 | 130.00 | 75.00 | 205.00 | OK | |
r-patched-linux-x86_64 | 3.4 | 127.51 | 31.32 | 158.83 | OK | |
r-release-linux-x86_64 | 3.4 | 123.00 | 31.11 | 154.11 | OK | |
r-release-macos-arm64 | 3.4 | 67.00 | OK | |||
r-release-macos-x86_64 | 3.4 | 75.00 | OK | |||
r-release-windows-x86_64 | 3.4 | 130.00 | 78.00 | 208.00 | OK | |
r-oldrel-macos-arm64 | 3.4 | 63.00 | NOTE | |||
r-oldrel-macos-x86_64 | 3.4 | 66.00 | NOTE | |||
r-oldrel-windows-x86_64 | 3.4 | 155.00 | 92.00 | 247.00 | OK |
Version: 3.4
Check: CRAN incoming feasibility
Result: NOTE
Maintainer: ‘Nick Parsons <nick.parsons@warwick.ac.uk>’
No Authors@R field in DESCRIPTION.
Please add one, modifying
Authors@R: person(given = "Nick",
family = "Parsons",
role = c("aut", "cre"),
email = "nick.parsons@warwick.ac.uk")
as necessary.
Flavors: r-devel-linux-x86_64-debian-clang, r-devel-linux-x86_64-debian-gcc
Version: 3.4
Check: compiled code
Result: NOTE
File ‘repolr/libs/repolr.so’:
Found no calls to: ‘R_registerRoutines’, ‘R_useDynamicSymbols’
It is good practice to register native routines and to disable symbol
search.
See ‘Writing portable packages’ in the ‘Writing R Extensions’ manual.
Flavors: r-devel-linux-x86_64-fedora-clang, r-devel-linux-x86_64-fedora-gcc
Version: 3.4
Check: installed package size
Result: NOTE
installed size is 9.5Mb
sub-directories of 1Mb or more:
libs 9.3Mb
Flavors: r-oldrel-macos-arm64, r-oldrel-macos-x86_64