Last updated on 2025-05-25 18:50:04 CEST.
Flavor | Version | Tinstall | Tcheck | Ttotal | Status | Flags |
---|---|---|---|---|---|---|
r-devel-linux-x86_64-debian-clang | 1.2.3 | 14.08 | 39.42 | 53.50 | NOTE | |
r-devel-linux-x86_64-debian-gcc | 1.2.3 | 10.66 | 30.69 | 41.35 | NOTE | |
r-devel-linux-x86_64-fedora-clang | 1.2.3 | 86.83 | NOTE | |||
r-devel-linux-x86_64-fedora-gcc | 1.2.3 | 100.14 | NOTE | |||
r-devel-windows-x86_64 | 1.2.3 | 20.00 | 129.00 | 149.00 | NOTE | |
r-patched-linux-x86_64 | 1.2.3 | 15.26 | 36.84 | 52.10 | NOTE | |
r-release-linux-x86_64 | 1.2.3 | 14.44 | 36.85 | 51.29 | NOTE | |
r-release-macos-arm64 | 1.2.3 | 31.00 | NOTE | |||
r-release-macos-x86_64 | 1.2.3 | 76.00 | NOTE | |||
r-release-windows-x86_64 | 1.2.3 | 19.00 | 80.00 | 99.00 | NOTE | |
r-oldrel-macos-arm64 | 1.2.3 | 31.00 | NOTE | |||
r-oldrel-macos-x86_64 | 1.2.3 | 51.00 | NOTE | |||
r-oldrel-windows-x86_64 | 1.2.3 | 21.00 | 89.00 | 110.00 | NOTE |
Version: 1.2.3
Check: Rd files
Result: NOTE
checkRd: (-1) twosidedPValuestobins.Rd:84: Lost braces; missing escapes or markup?
84 | A matrix with \code{n.bins + 1} rows and {ncol(zmat)} columns, representing for each study the discretization chosed. Values are the between bin breaks. First and last values are the edges of the outmost bins.
| ^
checkRd: (-1) ztobins.Rd:90: Lost braces; missing escapes or markup?
90 | A matrix with \code{n.bins + 1} rows and {ncol(zmat)} columns, representing for each study the discretization chosed. Values are the between bin breaks. First and last values are the edges of the outmost bins.
| ^
Flavors: r-devel-linux-x86_64-debian-clang, r-devel-linux-x86_64-debian-gcc, r-devel-linux-x86_64-fedora-clang, r-devel-linux-x86_64-fedora-gcc, r-devel-windows-x86_64, r-patched-linux-x86_64, r-release-linux-x86_64, r-release-macos-arm64, r-release-macos-x86_64, r-release-windows-x86_64, r-oldrel-macos-arm64, r-oldrel-macos-x86_64, r-oldrel-windows-x86_64