CRAN Package Check Results for Package renz

Last updated on 2025-11-04 11:52:40 CET.

Flavor Version Tinstall Tcheck Ttotal Status Flags
r-devel-linux-x86_64-debian-clang 0.2.1 3.54 55.09 58.63 NOTE
r-devel-linux-x86_64-debian-gcc 0.2.1 2.99 44.00 46.99 NOTE
r-devel-linux-x86_64-fedora-clang 0.2.1 88.12 OK
r-devel-linux-x86_64-fedora-gcc 0.2.1 101.09 OK
r-devel-windows-x86_64 0.2.1 5.00 78.00 83.00 OK
r-patched-linux-x86_64 0.2.1 3.86 52.94 56.80 OK
r-release-linux-x86_64 0.2.1 3.42 53.73 57.15 OK
r-release-macos-arm64 0.2.1 1.00 32.00 33.00 OK
r-release-macos-x86_64 0.2.1 2.00 59.00 61.00 OK
r-release-windows-x86_64 0.2.1 4.00 69.00 73.00 OK
r-oldrel-macos-arm64 0.2.1 1.00 33.00 34.00 OK
r-oldrel-macos-x86_64 0.2.1 3.00 52.00 55.00 OK
r-oldrel-windows-x86_64 0.2.1 5.00 85.00 90.00 OK

Check Details

Version: 0.2.1
Check: CRAN incoming feasibility
Result: NOTE Maintainer: ‘Juan Carlos Aledo <caledo@uma.es>’ No Authors@R field in DESCRIPTION. Please add one, modifying Authors@R: person(given = c("Juan", "Carlos"), family = "Aledo", role = c("aut", "cre"), email = "caledo@uma.es") as necessary. Flavors: r-devel-linux-x86_64-debian-clang, r-devel-linux-x86_64-debian-gcc

mirror server hosted at Truenetwork, Russian Federation.