Last updated on 2025-07-11 12:49:29 CEST.
Flavor | Version | Tinstall | Tcheck | Ttotal | Status | Flags |
---|---|---|---|---|---|---|
r-devel-linux-x86_64-debian-clang | 1.3.0 | 41.33 | 57.95 | 99.28 | OK | |
r-devel-linux-x86_64-debian-gcc | 1.3.0 | 31.44 | 40.07 | 71.51 | OK | |
r-devel-linux-x86_64-fedora-clang | 1.3.0 | 161.16 | OK | |||
r-devel-linux-x86_64-fedora-gcc | 1.3.0 | 173.53 | OK | |||
r-devel-windows-x86_64 | 1.3.0 | 46.00 | 90.00 | 136.00 | OK | |
r-patched-linux-x86_64 | 1.3.0 | 46.02 | 51.57 | 97.59 | OK | |
r-release-linux-x86_64 | 1.3.0 | 43.70 | 51.85 | 95.55 | OK | |
r-release-macos-arm64 | 1.3.0 | 44.00 | OK | |||
r-release-macos-x86_64 | 1.3.0 | 80.00 | OK | |||
r-release-windows-x86_64 | 1.3.0 | 47.00 | 92.00 | 139.00 | OK | |
r-oldrel-macos-arm64 | 1.3.0 | 37.00 | NOTE | |||
r-oldrel-macos-x86_64 | 1.3.0 | 62.00 | NOTE | |||
r-oldrel-windows-x86_64 | 1.3.0 | 58.00 | 108.00 | 166.00 | OK |
Version: 1.3.0
Check: installed package size
Result: NOTE
installed size is 6.2Mb
sub-directories of 1Mb or more:
libs 6.0Mb
Flavors: r-oldrel-macos-arm64, r-oldrel-macos-x86_64