Last updated on 2025-11-04 11:52:40 CET.
| Flavor | Version | Tinstall | Tcheck | Ttotal | Status | Flags | 
|---|---|---|---|---|---|---|
| r-devel-linux-x86_64-debian-clang | 1.0 | 2.48 | 50.46 | 52.94 | NOTE | |
| r-devel-linux-x86_64-debian-gcc | 1.0 | 1.87 | 37.97 | 39.84 | NOTE | |
| r-devel-linux-x86_64-fedora-clang | 1.0 | 83.41 | OK | |||
| r-devel-linux-x86_64-fedora-gcc | 1.0 | 93.26 | OK | |||
| r-devel-windows-x86_64 | 1.0 | 4.00 | 67.00 | 71.00 | OK | |
| r-patched-linux-x86_64 | 1.0 | 2.80 | 47.48 | 50.28 | OK | |
| r-release-linux-x86_64 | 1.0 | 2.26 | 48.36 | 50.62 | OK | |
| r-release-macos-arm64 | 1.0 | 1.00 | 33.00 | 34.00 | OK | |
| r-release-macos-x86_64 | 1.0 | 2.00 | 74.00 | 76.00 | OK | |
| r-release-windows-x86_64 | 1.0 | 4.00 | 65.00 | 69.00 | OK | |
| r-oldrel-macos-arm64 | 1.0 | 1.00 | 33.00 | 34.00 | NOTE | |
| r-oldrel-macos-x86_64 | 1.0 | 2.00 | 65.00 | 67.00 | NOTE | |
| r-oldrel-windows-x86_64 | 1.0 | 5.00 | 85.00 | 90.00 | NOTE | 
Version: 1.0
Check: CRAN incoming feasibility
Result: NOTE
  Maintainer: ‘Kenneth Tay <kjytay@stanford.edu>’
  
  No Authors@R field in DESCRIPTION.
  Please add one, modifying
    Authors@R: c(person(given = "Kenneth",
                        family = "Tay",
                        role = c("aut", "cre"),
                        email = "kjytay@stanford.edu"),
                 person(given = "Robert",
                        family = "Tibshirani",
                        role = "aut"))
  as necessary.
  
  The Description field contains
    (2019) <arXiv:1912.01808> for details.
  Please refer to arXiv e-prints via their arXiv DOI <doi:10.48550/arXiv.YYMM.NNNNN>.
Flavors: r-devel-linux-x86_64-debian-clang, r-devel-linux-x86_64-debian-gcc
Version: 1.0
Check: LazyData
Result: NOTE
    'LazyData' is specified without a 'data' directory
Flavors: r-oldrel-macos-arm64, r-oldrel-macos-x86_64, r-oldrel-windows-x86_64