CRAN Package Check Results for Package regnet

Last updated on 2025-11-04 11:52:40 CET.

Flavor Version Tinstall Tcheck Ttotal Status Flags
r-devel-linux-x86_64-debian-clang 1.0.2 113.01 49.82 162.83 NOTE
r-devel-linux-x86_64-debian-gcc 1.0.2 57.80 38.15 95.95 NOTE
r-devel-linux-x86_64-fedora-clang 1.0.2 173.00 130.92 303.92 NOTE
r-devel-linux-x86_64-fedora-gcc 1.0.2 173.00 79.52 252.52 NOTE
r-devel-windows-x86_64 1.0.2 125.00 87.00 212.00 NOTE
r-patched-linux-x86_64 1.0.2 98.53 47.29 145.82 OK
r-release-linux-x86_64 1.0.2 100.71 46.99 147.70 OK
r-release-macos-arm64 1.0.2 32.00 24.00 56.00 OK
r-release-macos-x86_64 1.0.2 32.00 45.00 77.00 OK
r-release-windows-x86_64 1.0.2 123.00 86.00 209.00 OK
r-oldrel-macos-arm64 1.0.2 30.00 29.00 59.00 NOTE
r-oldrel-macos-x86_64 1.0.2 57.00 75.00 132.00 NOTE
r-oldrel-windows-x86_64 1.0.2 140.00 101.00 241.00 OK

Check Details

Version: 1.0.2
Check: Rd files
Result: NOTE checkRd: (-1) regnet-package.Rd:15-19: Only 2 columns allowed in this table (row 3 has 1) checkRd: (-1) regnet-package.Rd:15-19: Only 2 columns allowed in this table (row 6 has 1) Flavors: r-devel-linux-x86_64-debian-clang, r-devel-linux-x86_64-debian-gcc, r-devel-linux-x86_64-fedora-clang, r-devel-linux-x86_64-fedora-gcc, r-devel-windows-x86_64

Version: 1.0.2
Check: installed package size
Result: NOTE installed size is 7.4Mb sub-directories of 1Mb or more: data 2.4Mb libs 4.9Mb Flavors: r-oldrel-macos-arm64, r-oldrel-macos-x86_64

mirror server hosted at Truenetwork, Russian Federation.