CRAN Package Check Results for Package regmedint

Last updated on 2025-07-16 07:49:17 CEST.

Flavor Version Tinstall Tcheck Ttotal Status Flags
r-devel-linux-x86_64-debian-clang 1.0.1 9.50 191.93 201.43 OK
r-devel-linux-x86_64-debian-gcc 1.0.1 5.72 133.10 138.82 OK
r-devel-linux-x86_64-fedora-clang 1.0.1 323.89 NOTE
r-devel-linux-x86_64-fedora-gcc 1.0.1 338.85 NOTE
r-devel-windows-x86_64 1.0.1 10.00 194.00 204.00 OK
r-patched-linux-x86_64 1.0.1 8.22 186.04 194.26 OK
r-release-linux-x86_64 1.0.1 8.95 181.80 190.75 OK
r-release-macos-arm64 1.0.1 131.00 OK
r-release-macos-x86_64 1.0.1 229.00 OK
r-release-windows-x86_64 1.0.1 9.00 191.00 200.00 OK
r-oldrel-macos-arm64 1.0.1 114.00 OK
r-oldrel-macos-x86_64 1.0.1 188.00 OK
r-oldrel-windows-x86_64 1.0.1 14.00 241.00 255.00 OK

Check Details

Version: 1.0.1
Check: dependencies in R code
Result: NOTE Namespace in Imports field not imported from: ‘Deriv’ All declared Imports should be used. Flavors: r-devel-linux-x86_64-fedora-clang, r-devel-linux-x86_64-fedora-gcc

mirror server hosted at Truenetwork, Russian Federation.