Last updated on 2025-02-21 17:50:53 CET.
Flavor | Version | Tinstall | Tcheck | Ttotal | Status | Flags |
---|---|---|---|---|---|---|
r-devel-linux-x86_64-debian-clang | 2.1.0 | 41.03 | 72.45 | 113.48 | NOTE | |
r-devel-linux-x86_64-debian-gcc | 2.1.0 | 29.50 | 55.59 | 85.09 | NOTE | |
r-devel-linux-x86_64-fedora-clang | 2.1.0 | 189.50 | NOTE | |||
r-devel-linux-x86_64-fedora-gcc | 2.1.0 | 206.85 | NOTE | |||
r-devel-macos-arm64 | 2.1.0 | 71.00 | NOTE | |||
r-devel-macos-x86_64 | 2.1.0 | 118.00 | NOTE | |||
r-devel-windows-x86_64 | 2.1.0 | 43.00 | 108.00 | 151.00 | NOTE | |
r-patched-linux-x86_64 | 2.1.0 | 46.18 | 73.59 | 119.77 | NOTE | |
r-release-linux-x86_64 | 2.1.0 | 40.71 | 72.54 | 113.25 | NOTE | |
r-release-macos-arm64 | 2.1.0 | 74.00 | NOTE | |||
r-release-macos-x86_64 | 2.1.0 | 103.00 | NOTE | |||
r-release-windows-x86_64 | 2.1.0 | 45.00 | 114.00 | 159.00 | NOTE | |
r-oldrel-macos-arm64 | 2.1.0 | 85.00 | NOTE | |||
r-oldrel-macos-x86_64 | 2.1.0 | 98.00 | NOTE | |||
r-oldrel-windows-x86_64 | 2.1.0 | 51.00 | 122.00 | 173.00 | NOTE |
Version: 2.1.0
Check: C++ specification
Result: NOTE
Specified C++11: please drop specification unless essential
Flavors: r-devel-linux-x86_64-debian-clang, r-devel-linux-x86_64-debian-gcc, r-devel-linux-x86_64-fedora-clang, r-devel-linux-x86_64-fedora-gcc, r-devel-macos-arm64, r-devel-macos-x86_64, r-devel-windows-x86_64, r-patched-linux-x86_64, r-release-linux-x86_64, r-release-macos-arm64, r-release-macos-x86_64, r-release-windows-x86_64, r-oldrel-macos-arm64, r-oldrel-macos-x86_64, r-oldrel-windows-x86_64
Version: 2.1.0
Check: Rd cross-references
Result: NOTE
Found the following Rd file(s) with Rd \link{} targets missing package
anchors:
mvregmed.graph.attributes.Rd: graph_from_edgelist
Please provide package anchors for all Rd \link{} targets not in the
package itself and the base packages.
Flavors: r-devel-linux-x86_64-debian-clang, r-devel-linux-x86_64-debian-gcc, r-devel-windows-x86_64