Last updated on 2025-11-03 23:50:30 CET.
| Flavor | Version | Tinstall | Tcheck | Ttotal | Status | Flags | 
|---|---|---|---|---|---|---|
| r-devel-linux-x86_64-debian-clang | 2.1.0 | 47.23 | 727.16 | 774.39 | WARN | |
| r-devel-linux-x86_64-debian-gcc | 2.1.0 | 27.96 | 451.32 | 479.28 | WARN | |
| r-devel-linux-x86_64-fedora-clang | 2.1.0 | 98.00 | 1154.02 | 1252.02 | NOTE | |
| r-devel-linux-x86_64-fedora-gcc | 2.1.0 | 91.00 | 1116.52 | 1207.52 | NOTE | |
| r-devel-windows-x86_64 | 2.1.0 | 54.00 | 699.00 | 753.00 | NOTE | |
| r-patched-linux-x86_64 | 2.1.0 | 43.64 | 707.31 | 750.95 | NOTE | |
| r-release-linux-x86_64 | 2.1.0 | 43.85 | 702.75 | 746.60 | NOTE | |
| r-release-macos-arm64 | 2.1.0 | 16.00 | 337.00 | 353.00 | NOTE | |
| r-release-macos-x86_64 | 2.1.0 | 24.00 | 723.00 | 747.00 | NOTE | |
| r-release-windows-x86_64 | 2.1.0 | 51.00 | 690.00 | 741.00 | NOTE | |
| r-oldrel-macos-arm64 | 2.1.0 | 19.00 | 358.00 | 377.00 | NOTE | |
| r-oldrel-macos-x86_64 | 2.1.0 | 32.00 | 511.00 | 543.00 | NOTE | |
| r-oldrel-windows-x86_64 | 2.1.0 | 66.00 | 1097.00 | 1163.00 | NOTE | 
Version: 2.1.0
Check: whether package can be installed
Result: WARN
  Found the following significant warnings:
    /home/hornik/tmp/R.check/r-devel-clang/Work/build/Packages/RcppArmadillo/include/RcppArmadillo/version/arma.h:66:17: warning: Using fallback compilation with Armadillo 14.6.3. Please consider defining -DARMA_USE_CURRENT and also removing C++11 compilation directive. See GitHub issue #475 for more. [-W#pragma-messages]
  See ‘/home/hornik/tmp/R.check/r-devel-clang/Work/PKGS/registr.Rcheck/00install.out’ for details.
  * used C++ compiler: ‘Debian clang version 19.1.7 (7)’
Flavor: r-devel-linux-x86_64-debian-clang
Version: 2.1.0
Check: C++ specification
Result: NOTE
    Specified C++11: please drop specification unless essential
Flavors: r-devel-linux-x86_64-debian-clang, r-devel-linux-x86_64-debian-gcc, r-devel-linux-x86_64-fedora-clang, r-devel-linux-x86_64-fedora-gcc, r-devel-windows-x86_64, r-patched-linux-x86_64, r-release-linux-x86_64, r-release-macos-arm64, r-release-macos-x86_64, r-release-windows-x86_64, r-oldrel-macos-arm64, r-oldrel-macos-x86_64, r-oldrel-windows-x86_64
Version: 2.1.0
Check: Rd cross-references
Result: NOTE
  Found the following Rd file(s) with Rd \link{} targets missing package
  anchors:
    gfpca_twoStep.Rd: gamm4
  Please provide package anchors for all Rd \link{} targets not in the
  package itself and the base packages.
Flavors: r-devel-linux-x86_64-debian-clang, r-devel-linux-x86_64-debian-gcc, r-devel-windows-x86_64, r-patched-linux-x86_64, r-release-linux-x86_64, r-release-windows-x86_64
Version: 2.1.0
Check: whether package can be installed
Result: WARN
  Found the following significant warnings:
    /home/hornik/tmp/R.check/r-devel-gcc/Work/build/Packages/RcppArmadillo/include/RcppArmadillo/version/arma.h:66:199: note: ‘#pragma message: Using fallback compilation with Armadillo 14.6.3. Please consider defining -DARMA_USE_CURRENT and also removing C++11 compilation directive. See GitHub issue #475 for more.’
  See ‘/home/hornik/tmp/R.check/r-devel-gcc/Work/PKGS/registr.Rcheck/00install.out’ for details.
  * used C++ compiler: ‘g++-15 (Debian 15.2.0-7) 15.2.0’
Flavor: r-devel-linux-x86_64-debian-gcc