CRAN Package Check Results for Package registr

Last updated on 2025-02-21 17:50:53 CET.

Flavor Version Tinstall Tcheck Ttotal Status Flags
r-devel-linux-x86_64-debian-clang 2.1.0 45.64 705.60 751.24 NOTE
r-devel-linux-x86_64-debian-gcc 2.1.0 30.91 444.10 475.01 NOTE
r-devel-linux-x86_64-fedora-clang 2.1.0 1176.79 NOTE
r-devel-linux-x86_64-fedora-gcc 2.1.0 1187.90 NOTE
r-devel-macos-arm64 2.1.0 368.00 NOTE
r-devel-macos-x86_64 2.1.0 747.00 NOTE
r-devel-windows-x86_64 2.1.0 49.00 861.00 910.00 NOTE
r-patched-linux-x86_64 2.1.0 47.01 677.72 724.73 NOTE
r-release-linux-x86_64 2.1.0 40.25 679.96 720.21 NOTE
r-release-macos-arm64 2.1.0 377.00 NOTE
r-release-macos-x86_64 2.1.0 543.00 NOTE
r-release-windows-x86_64 2.1.0 51.00 858.00 909.00 NOTE
r-oldrel-macos-arm64 2.1.0 410.00 NOTE
r-oldrel-macos-x86_64 2.1.0 628.00 NOTE
r-oldrel-windows-x86_64 2.1.0 62.00 924.00 986.00 NOTE

Check Details

Version: 2.1.0
Check: C++ specification
Result: NOTE Specified C++11: please drop specification unless essential Flavors: r-devel-linux-x86_64-debian-clang, r-devel-linux-x86_64-debian-gcc, r-devel-linux-x86_64-fedora-clang, r-devel-linux-x86_64-fedora-gcc, r-devel-macos-arm64, r-devel-macos-x86_64, r-devel-windows-x86_64, r-patched-linux-x86_64, r-release-linux-x86_64, r-release-macos-arm64, r-release-macos-x86_64, r-release-windows-x86_64, r-oldrel-macos-arm64, r-oldrel-macos-x86_64, r-oldrel-windows-x86_64

Version: 2.1.0
Check: Rd cross-references
Result: NOTE Found the following Rd file(s) with Rd \link{} targets missing package anchors: gfpca_twoStep.Rd: gamm4 Please provide package anchors for all Rd \link{} targets not in the package itself and the base packages. Flavors: r-devel-linux-x86_64-debian-clang, r-devel-linux-x86_64-debian-gcc, r-devel-windows-x86_64

mirror server hosted at Truenetwork, Russian Federation.