CRAN Package Check Results for Package regions

Last updated on 2025-07-19 06:48:40 CEST.

Flavor Version Tinstall Tcheck Ttotal Status Flags
r-devel-linux-x86_64-debian-clang 0.1.8 8.54 77.35 85.89 NOTE
r-devel-linux-x86_64-debian-gcc 0.1.8 5.26 55.76 61.02 NOTE
r-devel-linux-x86_64-fedora-clang 0.1.8 131.73 NOTE
r-devel-linux-x86_64-fedora-gcc 0.1.8 144.28 NOTE
r-devel-windows-x86_64 0.1.8 12.00 96.00 108.00 NOTE
r-patched-linux-x86_64 0.1.8 8.72 72.58 81.30 NOTE
r-release-linux-x86_64 0.1.8 7.97 73.17 81.14 NOTE
r-release-macos-arm64 0.1.8 51.00 NOTE
r-release-macos-x86_64 0.1.8 97.00 NOTE
r-release-windows-x86_64 0.1.8 12.00 98.00 110.00 NOTE
r-oldrel-macos-arm64 0.1.8 49.00 NOTE
r-oldrel-macos-x86_64 0.1.8 82.00 NOTE
r-oldrel-windows-x86_64 0.1.8 16.00 114.00 130.00 NOTE

Check Details

Version: 0.1.8
Check: CRAN incoming feasibility
Result: NOTE Maintainer: ‘Daniel Antal <daniel.antal@ceemid.eu>’ The BugReports field in DESCRIPTION has https://github.com/rOpenGov/regions which should likely be https://github.com/rOpenGov/regions/issues instead. Flavors: r-devel-linux-x86_64-debian-clang, r-devel-linux-x86_64-debian-gcc

Version: 0.1.8
Check: Rd files
Result: NOTE checkRd: (-1) impute_down_nuts.Rd:21: Lost braces 21 | NUTS typologies, defaults to code{"geo_var".}} | ^ checkRd: (-1) validate_data_frame.Rd:19: Lost braces 19 | NUTS typologies, defaults to code{"geo_var".}} | ^ Flavors: r-devel-linux-x86_64-debian-clang, r-devel-linux-x86_64-debian-gcc, r-devel-linux-x86_64-fedora-clang, r-devel-linux-x86_64-fedora-gcc, r-devel-windows-x86_64, r-patched-linux-x86_64, r-release-linux-x86_64, r-release-macos-arm64, r-release-macos-x86_64, r-release-windows-x86_64, r-oldrel-macos-arm64, r-oldrel-macos-x86_64, r-oldrel-windows-x86_64

mirror server hosted at Truenetwork, Russian Federation.