CRAN Package Check Results for Package regexSelect

Last updated on 2025-05-17 12:50:33 CEST.

Flavor Version Tinstall Tcheck Ttotal Status Flags
r-devel-linux-x86_64-debian-clang 1.0.0 3.17 30.72 33.89 OK
r-devel-linux-x86_64-debian-gcc 1.0.0 2.47 24.11 26.58 OK
r-devel-linux-x86_64-fedora-clang 1.0.0 51.88 OK
r-devel-linux-x86_64-fedora-gcc 1.0.0 49.32 OK
r-devel-windows-x86_64 1.0.0 6.00 55.00 61.00 OK
r-patched-linux-x86_64 1.0.0 3.09 28.47 31.56 OK
r-release-linux-x86_64 1.0.0 3.32 28.34 31.66 OK
r-release-macos-arm64 1.0.0 25.00 OK
r-release-macos-x86_64 1.0.0 32.00 OK
r-release-windows-x86_64 1.0.0 6.00 56.00 62.00 OK
r-oldrel-macos-arm64 1.0.0 20.00 NOTE
r-oldrel-macos-x86_64 1.0.0 33.00 NOTE
r-oldrel-windows-x86_64 1.0.0 5.00 60.00 65.00 NOTE

Check Details

Version: 1.0.0
Check: LazyData
Result: NOTE 'LazyData' is specified without a 'data' directory Flavors: r-oldrel-macos-arm64, r-oldrel-macos-x86_64, r-oldrel-windows-x86_64

mirror server hosted at Truenetwork, Russian Federation.