CRAN Package Check Results for Package refuge

Last updated on 2025-07-16 07:49:17 CEST.

Flavor Version Tinstall Tcheck Ttotal Status Flags
r-devel-linux-x86_64-debian-clang 0.3.3 4.11 39.84 43.95 OK
r-devel-linux-x86_64-debian-gcc 0.3.3 2.99 30.15 33.14 OK
r-devel-linux-x86_64-fedora-clang 0.3.3 66.97 OK
r-devel-linux-x86_64-fedora-gcc 0.3.3 79.50 OK
r-devel-windows-x86_64 0.3.3 5.00 64.00 69.00 OK
r-patched-linux-x86_64 0.3.3 3.72 35.50 39.22 OK
r-release-linux-x86_64 0.3.3 3.24 35.63 38.87 OK
r-release-macos-arm64 0.3.3 29.00 OK
r-release-macos-x86_64 0.3.3 51.00 OK
r-release-windows-x86_64 0.3.3 7.00 62.00 69.00 OK
r-oldrel-macos-arm64 0.3.3 30.00 NOTE
r-oldrel-macos-x86_64 0.3.3 43.00 NOTE
r-oldrel-windows-x86_64 0.3.3 8.00 65.00 73.00 NOTE

Check Details

Version: 0.3.3
Check: LazyData
Result: NOTE 'LazyData' is specified without a 'data' directory Flavors: r-oldrel-macos-arm64, r-oldrel-macos-x86_64, r-oldrel-windows-x86_64

mirror server hosted at Truenetwork, Russian Federation.