CRAN Package Check Results for Package refitME

Last updated on 2025-04-14 18:50:27 CEST.

Flavor Version Tinstall Tcheck Ttotal Status Flags
r-devel-linux-x86_64-debian-clang 1.2.2 10.39 84.62 95.01 OK
r-devel-linux-x86_64-debian-gcc 1.3.1 7.00 63.58 70.58 OK
r-devel-linux-x86_64-fedora-clang 1.3.1 150.73 NOTE
r-devel-linux-x86_64-fedora-gcc 1.3.1 149.65 NOTE
r-devel-windows-x86_64 1.3.1 12.00 102.00 114.00 OK
r-patched-linux-x86_64 1.2.2 10.99 82.68 93.67 OK
r-release-linux-x86_64 1.2.2 10.50 82.63 93.13 OK
r-release-macos-arm64 1.3.1 45.00 OK
r-release-macos-x86_64 1.3.1 82.00 OK
r-release-windows-x86_64 1.3.1 13.00 101.00 114.00 OK
r-oldrel-macos-arm64 1.3.1 49.00 OK
r-oldrel-macos-x86_64 1.3.1 94.00 OK
r-oldrel-windows-x86_64 1.3.1 13.00 101.00 114.00 OK

Check Details

Version: 1.3.1
Check: dependencies in R code
Result: NOTE Namespaces in Imports field not imported from: ‘caret’ ‘dplyr’ ‘scales’ All declared Imports should be used. Flavors: r-devel-linux-x86_64-fedora-clang, r-devel-linux-x86_64-fedora-gcc

mirror server hosted at Truenetwork, Russian Federation.