Last updated on 2025-11-03 17:50:00 CET.
| Flavor | Version | Tinstall | Tcheck | Ttotal | Status | Flags |
|---|---|---|---|---|---|---|
| r-devel-linux-x86_64-debian-clang | 1.3.1 | 9.72 | 87.35 | 97.07 | OK | |
| r-devel-linux-x86_64-debian-gcc | 1.3.1 | 8.00 | 64.92 | 72.92 | OK | |
| r-devel-linux-x86_64-fedora-clang | 1.3.1 | 22.00 | 129.90 | 151.90 | NOTE | |
| r-devel-linux-x86_64-fedora-gcc | 1.3.1 | 20.00 | 125.15 | 145.15 | NOTE | |
| r-devel-windows-x86_64 | 1.3.1 | 12.00 | 100.00 | 112.00 | OK | |
| r-patched-linux-x86_64 | 1.3.1 | 11.31 | 83.70 | 95.01 | OK | |
| r-release-linux-x86_64 | 1.3.1 | 10.98 | 85.74 | 96.72 | OK | |
| r-release-macos-arm64 | 1.3.1 | 6.00 | 39.00 | 45.00 | OK | |
| r-release-macos-x86_64 | 1.3.1 | 13.00 | 69.00 | 82.00 | OK | |
| r-release-windows-x86_64 | 1.3.1 | 11.00 | 98.00 | 109.00 | OK | |
| r-oldrel-macos-arm64 | 1.3.1 | 5.00 | 44.00 | 49.00 | OK | |
| r-oldrel-macos-x86_64 | 1.3.1 | 9.00 | 85.00 | 94.00 | OK | |
| r-oldrel-windows-x86_64 | 1.3.1 | 17.00 | 127.00 | 144.00 | OK |
Version: 1.3.1
Check: dependencies in R code
Result: NOTE
Namespaces in Imports field not imported from:
‘caret’ ‘dplyr’ ‘scales’
All declared Imports should be used.
Flavors: r-devel-linux-x86_64-fedora-clang, r-devel-linux-x86_64-fedora-gcc