Last updated on 2025-11-04 11:52:40 CET.
| Flavor | Version | Tinstall | Tcheck | Ttotal | Status | Flags | 
|---|---|---|---|---|---|---|
| r-devel-linux-x86_64-debian-clang | 1.3.1 | 2.51 | 34.37 | 36.88 | NOTE | |
| r-devel-linux-x86_64-debian-gcc | 1.3.1 | 1.75 | 25.13 | 26.88 | NOTE | |
| r-devel-linux-x86_64-fedora-clang | 1.3.1 | 55.20 | OK | |||
| r-devel-linux-x86_64-fedora-gcc | 1.3.1 | 52.38 | OK | |||
| r-devel-windows-x86_64 | 1.3.1 | 3.00 | 53.00 | 56.00 | OK | |
| r-patched-linux-x86_64 | 1.3.1 | 2.55 | 32.57 | 35.12 | OK | |
| r-release-linux-x86_64 | 1.3.1 | 2.42 | 32.82 | 35.24 | OK | |
| r-release-macos-arm64 | 1.3.1 | 1.00 | 19.00 | 20.00 | OK | |
| r-release-macos-x86_64 | 1.3.1 | 2.00 | 34.00 | 36.00 | OK | |
| r-release-windows-x86_64 | 1.3.1 | 4.00 | 51.00 | 55.00 | OK | |
| r-oldrel-macos-arm64 | 1.3.1 | 4.00 | 33.00 | 37.00 | OK | |
| r-oldrel-macos-x86_64 | 1.3.1 | 5.00 | 42.00 | 47.00 | OK | |
| r-oldrel-windows-x86_64 | 1.3.1 | 5.00 | 70.00 | 75.00 | OK | 
Version: 1.3.1
Check: CRAN incoming feasibility
Result: NOTE
  Maintainer: ‘Daniel Finnegan <dan.finnegan@gmail.com>’
  
  No Authors@R field in DESCRIPTION.
  Please add one, modifying
    Authors@R: person(given = "Daniel",
                      family = "Finnegan",
                      role = c("aut", "cre"),
                      email = "dan.finnegan@gmail.com")
  as necessary.
Flavors: r-devel-linux-x86_64-debian-clang, r-devel-linux-x86_64-debian-gcc