Last updated on 2025-11-03 23:50:29 CET.
| Flavor | Version | Tinstall | Tcheck | Ttotal | Status | Flags | 
|---|---|---|---|---|---|---|
| r-devel-linux-x86_64-debian-clang | 1.1.4 | 16.39 | 22.58 | 38.97 | OK | |
| r-devel-linux-x86_64-debian-gcc | 1.2.0 | 10.79 | 18.95 | 29.74 | OK | |
| r-devel-linux-x86_64-fedora-clang | 1.2.0 | 25.00 | 41.81 | 66.81 | OK | |
| r-devel-linux-x86_64-fedora-gcc | 1.2.0 | 42.00 | 16.71 | 58.71 | OK | |
| r-devel-windows-x86_64 | 1.1.4 | 38.00 | 49.00 | 87.00 | OK | |
| r-patched-linux-x86_64 | 1.1.4 | 15.36 | 20.39 | 35.75 | OK | |
| r-release-linux-x86_64 | 1.1.4 | 14.70 | 20.40 | 35.10 | OK | |
| r-release-macos-arm64 | 1.2.0 | 17.00 | 16.00 | 33.00 | OK | |
| r-release-macos-x86_64 | 1.2.0 | 29.00 | 33.00 | 62.00 | OK | |
| r-release-windows-x86_64 | 1.1.4 | 37.00 | 48.00 | 85.00 | OK | |
| r-oldrel-macos-arm64 | 1.2.0 | 15.00 | 21.00 | 36.00 | NOTE | |
| r-oldrel-macos-x86_64 | 1.2.0 | 19.00 | 42.00 | 61.00 | NOTE | |
| r-oldrel-windows-x86_64 | 1.1.4 | 38.00 | 54.00 | 92.00 | NOTE | 
Version: 1.2.0
Check: installed package size
Result: NOTE
    installed size is 32.1Mb
    sub-directories of 1Mb or more:
      libs        1.6Mb
      redengine  30.4Mb
Flavors: r-oldrel-macos-arm64, r-oldrel-macos-x86_64
Version: 1.1.4
Check: installed package size
Result: NOTE
    installed size is 28.9Mb
    sub-directories of 1Mb or more:
      redengine  28.6Mb
Flavor: r-oldrel-windows-x86_64