CRAN Package Check Results for Package redatam

Last updated on 2025-05-29 00:48:31 CEST.

Flavor Version Tinstall Tcheck Ttotal Status Flags
r-devel-linux-x86_64-debian-clang 2.1.2 40.69 45.53 86.22 OK
r-devel-linux-x86_64-debian-gcc 2.1.2 32.11 34.74 66.85 OK
r-devel-linux-x86_64-fedora-clang 2.1.2 169.72 OK
r-devel-linux-x86_64-fedora-gcc 2.1.2 163.74 OK
r-devel-windows-x86_64 2.1.2 66.00 86.00 152.00 OK
r-patched-linux-x86_64 2.1.2 42.03 43.11 85.14 OK
r-release-linux-x86_64 2.1.2 43.00 43.94 86.94 OK
r-release-macos-arm64 2.1.2 47.00 OK
r-release-macos-x86_64 2.1.2 75.00 OK
r-release-windows-x86_64 2.1.2 68.00 83.00 151.00 OK
r-oldrel-macos-arm64 2.1.2 52.00 NOTE
r-oldrel-macos-x86_64 2.1.2 69.00 NOTE
r-oldrel-windows-x86_64 2.1.2 72.00 102.00 174.00 OK

Check Details

Version: 2.1.2
Check: installed package size
Result: NOTE installed size is 5.4Mb sub-directories of 1Mb or more: libs 4.5Mb Flavors: r-oldrel-macos-arm64, r-oldrel-macos-x86_64

mirror server hosted at Truenetwork, Russian Federation.