CRAN Package Check Results for Package rebus.numbers

Last updated on 2025-07-12 06:48:32 CEST.

Flavor Version Tinstall Tcheck Ttotal Status Flags
r-devel-linux-x86_64-debian-clang 0.0-1 1.79 19.07 20.86 NOTE
r-devel-linux-x86_64-debian-gcc 0.0-1.1 1.42 16.20 17.62 OK
r-devel-linux-x86_64-fedora-clang 0.0-1.1 36.11 OK
r-devel-linux-x86_64-fedora-gcc 0.0-1.1 32.54 OK
r-devel-windows-x86_64 0.0-1 3.00 40.00 43.00 NOTE
r-patched-linux-x86_64 0.0-1 1.76 17.80 19.56 NOTE
r-release-linux-x86_64 0.0-1 1.66 17.91 19.57 NOTE
r-release-macos-arm64 0.0-1 17.00 OK
r-release-macos-x86_64 0.0-1.1 27.00 OK
r-release-windows-x86_64 0.0-1.1 5.00 39.00 44.00 OK
r-oldrel-macos-arm64 0.0-1 15.00 NOTE
r-oldrel-macos-x86_64 0.0-1 22.00 NOTE
r-oldrel-windows-x86_64 0.0-1 3.00 40.00 43.00 NOTE

Check Details

Version: 0.0-1
Check: Rd cross-references
Result: NOTE Found the following Rd file(s) with Rd \link{} targets missing package anchors: number_range.Rd: or Please provide package anchors for all Rd \link{} targets not in the package itself and the base packages. Flavors: r-devel-linux-x86_64-debian-clang, r-devel-windows-x86_64, r-patched-linux-x86_64, r-release-linux-x86_64

Version: 0.0-1
Check: LazyData
Result: NOTE 'LazyData' is specified without a 'data' directory Flavors: r-oldrel-macos-arm64, r-oldrel-macos-x86_64, r-oldrel-windows-x86_64

mirror server hosted at Truenetwork, Russian Federation.