CRAN Package Check Results for Package rebus

Last updated on 2025-11-04 05:51:22 CET.

Flavor Version Tinstall Tcheck Ttotal Status Flags
r-devel-linux-x86_64-debian-clang 0.1-3 1.76 25.69 27.45 OK
r-devel-linux-x86_64-debian-gcc 0.1-3 1.53 20.74 22.27 OK
r-devel-linux-x86_64-fedora-clang 0.1-3 39.44 OK
r-devel-linux-x86_64-fedora-gcc 0.1-3 36.97 OK
r-devel-windows-x86_64 0.1-3 4.00 54.00 58.00 OK
r-patched-linux-x86_64 0.1-3 2.29 24.00 26.29 OK
r-release-linux-x86_64 0.1-3 1.69 24.39 26.08 OK
r-release-macos-arm64 0.1-3 2.00 20.00 22.00 OK
r-release-macos-x86_64 0.1-3 2.00 26.00 28.00 OK
r-release-windows-x86_64 0.1-3 4.00 51.00 55.00 OK
r-oldrel-macos-arm64 0.1-3 1.00 17.00 18.00 NOTE
r-oldrel-macos-x86_64 0.1-3 2.00 22.00 24.00 NOTE
r-oldrel-windows-x86_64 0.1-3 4.00 57.00 61.00 NOTE

Check Details

Version: 0.1-3
Check: LazyData
Result: NOTE 'LazyData' is specified without a 'data' directory Flavors: r-oldrel-macos-arm64, r-oldrel-macos-x86_64, r-oldrel-windows-x86_64

mirror server hosted at Truenetwork, Russian Federation.