CRAN Package Check Results for Package readtext

Last updated on 2025-07-10 06:50:28 CEST.

Flavor Version Tinstall Tcheck Ttotal Status Flags
r-devel-linux-x86_64-debian-clang 0.91 4.61 57.40 62.01 NOTE
r-devel-linux-x86_64-debian-gcc 0.91 3.08 44.90 47.98 NOTE
r-devel-linux-x86_64-fedora-clang 0.91 99.13 OK
r-devel-linux-x86_64-fedora-gcc 0.91 108.12 OK
r-devel-windows-x86_64 0.91 7.00 72.00 79.00 NOTE
r-patched-linux-x86_64 0.91 3.94 53.44 57.38 NOTE
r-release-linux-x86_64 0.91 4.48 53.57 58.05 NOTE
r-release-macos-arm64 0.91 46.00 OK
r-release-macos-x86_64 0.91 74.00 OK
r-release-windows-x86_64 0.91 7.00 75.00 82.00 NOTE
r-oldrel-macos-arm64 0.91 41.00 OK
r-oldrel-macos-x86_64 0.91 58.00 OK
r-oldrel-windows-x86_64 0.91 9.00 86.00 95.00 OK

Check Details

Version: 0.91
Check: Rd cross-references
Result: NOTE Found the following Rd file(s) with Rd \link{} targets missing package anchors: readtext.Rd: fread Please provide package anchors for all Rd \link{} targets not in the package itself and the base packages. Flavors: r-devel-linux-x86_64-debian-clang, r-devel-linux-x86_64-debian-gcc, r-devel-windows-x86_64, r-patched-linux-x86_64, r-release-linux-x86_64, r-release-windows-x86_64

mirror server hosted at Truenetwork, Russian Federation.