CRAN Package Check Results for Package readr

Last updated on 2025-05-22 06:51:55 CEST.

Flavor Version Tinstall Tcheck Ttotal Status Flags
r-devel-linux-x86_64-debian-clang 2.1.5 57.31 104.81 162.12 NOTE
r-devel-linux-x86_64-debian-gcc 2.1.5 43.05 77.86 120.91 NOTE
r-devel-linux-x86_64-fedora-clang 2.1.5 295.90 NOTE
r-devel-linux-x86_64-fedora-gcc 2.1.5 305.90 NOTE
r-devel-windows-x86_64 2.1.5 84.00 206.00 290.00 NOTE
r-patched-linux-x86_64 2.1.5 59.79 94.89 154.68 NOTE
r-release-linux-x86_64 2.1.5 61.73 94.32 156.05 NOTE
r-release-macos-arm64 2.1.5 78.00 NOTE
r-release-macos-x86_64 2.1.5 132.00 NOTE
r-release-windows-x86_64 2.1.5 83.00 265.00 348.00 NOTE
r-oldrel-macos-arm64 2.1.5 75.00 NOTE
r-oldrel-macos-x86_64 2.1.5 110.00 NOTE
r-oldrel-windows-x86_64 2.1.5 96.00 175.00 271.00 OK

Additional issues

rchk

Check Details

Version: 2.1.5
Check: Rd cross-references
Result: NOTE Found the following Rd file(s) with Rd \link{} targets missing package anchors: melt_delim.Rd: tibble read_delim.Rd: tibble Please provide package anchors for all Rd \link{} targets not in the package itself and the base packages. Flavors: r-devel-linux-x86_64-debian-clang, r-devel-linux-x86_64-debian-gcc, r-devel-windows-x86_64, r-patched-linux-x86_64, r-release-linux-x86_64, r-release-windows-x86_64

Version: 2.1.5
Check: compiled code
Result: NOTE File ‘readr/libs/readr.so’: Found non-API calls to R: ‘SETLENGTH’, ‘SET_GROWABLE_BIT’, ‘SET_TRUELENGTH’ Compiled code should not call non-API entry points in R. See ‘Writing portable packages’ in the ‘Writing R Extensions’ manual, and section ‘Moving into C API compliance’ for issues with the use of non-API entry points. Flavors: r-devel-linux-x86_64-debian-clang, r-devel-linux-x86_64-debian-gcc, r-devel-linux-x86_64-fedora-clang, r-devel-linux-x86_64-fedora-gcc, r-patched-linux-x86_64, r-release-linux-x86_64, r-release-macos-arm64, r-release-macos-x86_64

Version: 2.1.5
Check: compiled code
Result: NOTE File 'readr/libs/x64/readr.dll': Found non-API calls to R: 'SETLENGTH', 'SET_GROWABLE_BIT', 'SET_TRUELENGTH' Compiled code should not call non-API entry points in R. See 'Writing portable packages' in the 'Writing R Extensions' manual, and section 'Moving into C API compliance' for issues with the use of non-API entry points. Flavors: r-devel-windows-x86_64, r-release-windows-x86_64

Version: 2.1.5
Check: installed package size
Result: NOTE installed size is 5.4Mb sub-directories of 1Mb or more: libs 4.5Mb Flavors: r-oldrel-macos-arm64, r-oldrel-macos-x86_64

mirror server hosted at Truenetwork, Russian Federation.