Last updated on 2025-07-13 06:48:34 CEST.
Flavor | Version | Tinstall | Tcheck | Ttotal | Status | Flags |
---|---|---|---|---|---|---|
r-devel-linux-x86_64-debian-clang | 0.1.4 | 109.99 | 34.25 | 144.24 | OK | |
r-devel-linux-x86_64-debian-gcc | 0.1.4 | 82.77 | 28.36 | 111.13 | OK | |
r-devel-linux-x86_64-fedora-clang | 0.1.4 | 307.87 | OK | |||
r-devel-linux-x86_64-fedora-gcc | 0.1.4 | 294.67 | OK | |||
r-devel-windows-x86_64 | 0.1.4 | 142.00 | 85.00 | 227.00 | OK | |
r-patched-linux-x86_64 | 0.1.4 | 120.15 | 33.13 | 153.28 | OK | |
r-release-linux-x86_64 | 0.1.4 | 114.23 | 32.72 | 146.95 | OK | |
r-release-macos-arm64 | 0.1.4 | 70.00 | OK | |||
r-release-macos-x86_64 | 0.1.4 | 91.00 | OK | |||
r-release-windows-x86_64 | 0.1.4 | 141.00 | 86.00 | 227.00 | OK | |
r-oldrel-macos-arm64 | 0.1.4 | 75.00 | NOTE | |||
r-oldrel-macos-x86_64 | 0.1.4 | 109.00 | NOTE | |||
r-oldrel-windows-x86_64 | 0.1.4 | 136.00 | 95.00 | 231.00 | OK |
Version: 0.1.4
Check: installed package size
Result: NOTE
installed size is 9.2Mb
sub-directories of 1Mb or more:
libs 8.9Mb
Flavors: r-oldrel-macos-arm64, r-oldrel-macos-x86_64