Last updated on 2025-11-04 11:52:40 CET.
| Flavor | Version | Tinstall | Tcheck | Ttotal | Status | Flags | 
|---|---|---|---|---|---|---|
| r-devel-linux-x86_64-debian-clang | 1.9.3 | 14.78 | 115.36 | 130.14 | OK | |
| r-devel-linux-x86_64-debian-gcc | 1.9.3 | 10.94 | 84.47 | 95.41 | OK | |
| r-devel-linux-x86_64-fedora-clang | 1.9.3 | 29.00 | 161.35 | 190.35 | OK | |
| r-devel-linux-x86_64-fedora-gcc | 1.9.3 | 29.00 | 170.12 | 199.12 | OK | |
| r-devel-windows-x86_64 | 1.9.3 | 14.00 | 161.00 | 175.00 | OK | |
| r-patched-linux-x86_64 | 1.9.3 | 15.69 | 112.89 | 128.58 | OK | |
| r-release-linux-x86_64 | 1.9.3 | 14.33 | 112.63 | 126.96 | OK | |
| r-release-macos-arm64 | 1.9.3 | 7.00 | 68.00 | 75.00 | OK | |
| r-release-macos-x86_64 | 1.9.3 | 14.00 | 138.00 | 152.00 | OK | |
| r-release-windows-x86_64 | 1.9.3 | 16.00 | 127.00 | 143.00 | OK | |
| r-oldrel-macos-arm64 | 1.9.3 | 9.00 | 73.00 | 82.00 | NOTE | |
| r-oldrel-macos-x86_64 | 1.9.3 | 15.00 | 142.00 | 157.00 | NOTE | |
| r-oldrel-windows-x86_64 | 1.9.3 | 19.00 | 159.00 | 178.00 | NOTE | 
Version: 1.9.3
Check: installed package size
Result: NOTE
    installed size is  7.6Mb
    sub-directories of 1Mb or more:
      R      4.8Mb
      data   1.7Mb
Flavors: r-oldrel-macos-arm64, r-oldrel-macos-x86_64, r-oldrel-windows-x86_64