Last updated on 2025-07-16 07:49:17 CEST.
Flavor | Version | Tinstall | Tcheck | Ttotal | Status | Flags |
---|---|---|---|---|---|---|
r-devel-linux-x86_64-debian-clang | 0.5 | 3.03 | 24.89 | 27.92 | NOTE | |
r-devel-linux-x86_64-debian-gcc | 0.5 | 2.31 | 19.19 | 21.50 | NOTE | |
r-devel-linux-x86_64-fedora-clang | 0.5 | 43.44 | OK | |||
r-devel-linux-x86_64-fedora-gcc | 0.5 | 39.48 | OK | |||
r-devel-windows-x86_64 | 0.5 | 4.00 | 45.00 | 49.00 | OK | |
r-patched-linux-x86_64 | 0.5 | 3.06 | 22.29 | 25.35 | OK | |
r-release-linux-x86_64 | 0.5 | 2.79 | 22.59 | 25.38 | OK | |
r-release-macos-arm64 | 0.5 | 16.00 | OK | |||
r-release-macos-x86_64 | 0.5 | 27.00 | OK | |||
r-release-windows-x86_64 | 0.5 | 3.00 | 52.00 | 55.00 | OK | |
r-oldrel-macos-arm64 | 0.5 | 15.00 | OK | |||
r-oldrel-macos-x86_64 | 0.5 | 22.00 | OK | |||
r-oldrel-windows-x86_64 | 0.5 | 4.00 | 51.00 | 55.00 | OK |
Version: 0.5
Check: CRAN incoming feasibility
Result: NOTE
Maintainer: ‘Wojciech Rosa <w.rosa@pollub.pl>’
No Authors@R field in DESCRIPTION.
Please add one, modifying
Authors@R: person(given = "Wojciech",
family = "Rosa",
role = c("aut", "cre"),
email = "w.rosa@pollub.pl")
as necessary.
Flavors: r-devel-linux-x86_64-debian-clang, r-devel-linux-x86_64-debian-gcc