Last updated on 2025-11-03 11:49:50 CET.
| Flavor | Version | Tinstall | Tcheck | Ttotal | Status | Flags |
|---|---|---|---|---|---|---|
| r-devel-linux-x86_64-debian-clang | 1.2.1 | 18.99 | 111.39 | 130.38 | NOTE | |
| r-devel-linux-x86_64-debian-gcc | 1.2.1 | 16.33 | 90.35 | 106.68 | NOTE | |
| r-devel-linux-x86_64-fedora-clang | 1.2.1 | 36.00 | 174.54 | 210.54 | NOTE | |
| r-devel-linux-x86_64-fedora-gcc | 1.2.1 | 35.00 | 227.68 | 262.68 | NOTE | |
| r-devel-windows-x86_64 | 1.2.1 | 22.00 | 165.00 | 187.00 | NOTE | |
| r-patched-linux-x86_64 | 1.2.1 | 22.95 | 121.93 | 144.88 | NOTE | |
| r-release-linux-x86_64 | 1.2.1 | 22.05 | 121.22 | 143.27 | NOTE | |
| r-release-macos-arm64 | 1.2.1 | 8.00 | 58.00 | 66.00 | NOTE | |
| r-release-macos-x86_64 | 1.2.1 | 11.00 | 119.00 | 130.00 | NOTE | |
| r-release-windows-x86_64 | 1.2.1 | 23.00 | 165.00 | 188.00 | NOTE | |
| r-oldrel-macos-arm64 | 1.2.1 | 8.00 | 76.00 | 84.00 | OK | |
| r-oldrel-macos-x86_64 | 1.2.1 | 10.00 | 216.00 | 226.00 | OK | |
| r-oldrel-windows-x86_64 | 1.2.1 | 26.00 | 198.00 | 224.00 | OK |
Version: 1.2.1
Check: DESCRIPTION meta-information
Result: NOTE
Missing dependency on R >= 4.1.0 because package code uses the pipe
|> or function shorthand \(...) syntax added in R 4.1.0.
File(s) using such syntax:
‘print.rcpptimer.R’
Flavors: r-devel-linux-x86_64-debian-clang, r-devel-linux-x86_64-debian-gcc, r-devel-linux-x86_64-fedora-clang, r-devel-linux-x86_64-fedora-gcc, r-devel-windows-x86_64, r-patched-linux-x86_64, r-release-linux-x86_64, r-release-macos-arm64, r-release-macos-x86_64, r-release-windows-x86_64