CRAN Package Check Results for Package rcausim

Last updated on 2025-07-16 07:49:17 CEST.

Flavor Version Tinstall Tcheck Ttotal Status Flags
r-devel-linux-x86_64-debian-clang 0.1.1 4.43 125.60 130.03 NOTE
r-devel-linux-x86_64-debian-gcc 0.1.1 3.52 90.35 93.87 NOTE
r-devel-linux-x86_64-fedora-clang 0.1.1 200.74 OK
r-devel-linux-x86_64-fedora-gcc 0.1.1 200.89 OK
r-devel-windows-x86_64 0.1.1 6.00 115.00 121.00 OK
r-patched-linux-x86_64 0.1.1 4.81 118.11 122.92 OK
r-release-linux-x86_64 0.1.1 3.97 118.75 122.72 OK
r-release-macos-arm64 0.1.1 63.00 OK
r-release-macos-x86_64 0.1.1 138.00 OK
r-release-windows-x86_64 0.1.1 7.00 118.00 125.00 OK
r-oldrel-macos-arm64 0.1.1 67.00 OK
r-oldrel-macos-x86_64 0.1.1 137.00 OK
r-oldrel-windows-x86_64 0.1.1 8.00 147.00 155.00 OK

Check Details

Version: 0.1.1
Check: CRAN incoming feasibility
Result: NOTE Maintainer: ‘Herdiantri Sufriyana <herdi@tmu.edu.tw>’ The Description field contains <https://htmlpreview.github.io/?https://github.com/herdiantrisufriyana/rcausim/blob/master/doc/causal_simulation_exemplar.html>. Please enclose URLs in angle brackets (<...>). Flavors: r-devel-linux-x86_64-debian-clang, r-devel-linux-x86_64-debian-gcc

mirror server hosted at Truenetwork, Russian Federation.