Last updated on 2025-02-22 11:51:39 CET.
Flavor | Version | Tinstall | Tcheck | Ttotal | Status | Flags |
---|---|---|---|---|---|---|
r-devel-linux-x86_64-debian-clang | 2.1.1 | 4.64 | 38.65 | 43.29 | NOTE | |
r-devel-linux-x86_64-debian-gcc | 2.1.1 | 3.80 | 28.99 | 32.79 | NOTE | |
r-devel-linux-x86_64-fedora-clang | 2.1.1 | 66.34 | OK | |||
r-devel-linux-x86_64-fedora-gcc | 2.1.1 | 64.54 | OK | |||
r-devel-macos-arm64 | 2.1.1 | 25.00 | OK | |||
r-devel-macos-x86_64 | 2.1.1 | 46.00 | OK | |||
r-devel-windows-x86_64 | 2.1.1 | 6.00 | 59.00 | 65.00 | NOTE | |
r-patched-linux-x86_64 | 2.1.1 | 8.06 | 36.25 | 44.31 | OK | |
r-release-linux-x86_64 | 2.1.1 | 3.62 | 36.22 | 39.84 | OK | |
r-release-macos-arm64 | 2.1.1 | 25.00 | OK | |||
r-release-macos-x86_64 | 2.1.1 | 35.00 | OK | |||
r-release-windows-x86_64 | 2.1.1 | 6.00 | 55.00 | 61.00 | OK | |
r-oldrel-macos-arm64 | 2.1.1 | 22.00 | OK | |||
r-oldrel-macos-x86_64 | 2.1.1 | 46.00 | OK | |||
r-oldrel-windows-x86_64 | 2.1.1 | 7.00 | 65.00 | 72.00 | OK |
Version: 2.1.1
Check: Rd cross-references
Result: NOTE
Found the following Rd file(s) with Rd \link{} targets missing package
anchors:
carto_scale.Rd: discrete_scale, continuous_scale
Please provide package anchors for all Rd \link{} targets not in the
package itself and the base packages.
Flavors: r-devel-linux-x86_64-debian-clang, r-devel-linux-x86_64-debian-gcc, r-devel-windows-x86_64