Last updated on 2025-11-04 11:52:40 CET.
| Flavor | Version | Tinstall | Tcheck | Ttotal | Status | Flags | 
|---|---|---|---|---|---|---|
| r-devel-linux-x86_64-debian-clang | 0.4.1 | 63.43 | 58.13 | 121.56 | OK | |
| r-devel-linux-x86_64-debian-gcc | 0.4.1 | 45.14 | 41.30 | 86.44 | OK | |
| r-devel-linux-x86_64-fedora-clang | 0.4.1 | 192.00 | 53.61 | 245.61 | OK | |
| r-devel-linux-x86_64-fedora-gcc | 0.4.1 | 148.00 | 55.14 | 203.14 | OK | |
| r-devel-windows-x86_64 | 0.4.1 | 102.00 | 95.00 | 197.00 | OK | |
| r-patched-linux-x86_64 | 0.4.1 | 61.76 | 52.52 | 114.28 | OK | |
| r-release-linux-x86_64 | 0.4.1 | 62.92 | 53.54 | 116.46 | OK | |
| r-release-macos-arm64 | 0.4.1 | 30.00 | 26.00 | 56.00 | OK | |
| r-release-macos-x86_64 | 0.4.1 | 41.00 | 56.00 | 97.00 | OK | |
| r-release-windows-x86_64 | 0.4.1 | 94.00 | 95.00 | 189.00 | OK | |
| r-oldrel-macos-arm64 | 0.4.1 | 29.00 | 34.00 | 63.00 | NOTE | |
| r-oldrel-macos-x86_64 | 0.4.1 | 38.00 | 50.00 | 88.00 | NOTE | |
| r-oldrel-windows-x86_64 | 0.4.1 | 113.00 | 120.00 | 233.00 | OK | 
Version: 0.4.1
Check: installed package size
Result: NOTE
    installed size is  5.8Mb
    sub-directories of 1Mb or more:
      extdata   1.1Mb
      libs      4.1Mb
Flavors: r-oldrel-macos-arm64, r-oldrel-macos-x86_64
Version: 0.4.1
Check: for GNU extensions in Makefiles
Result: NOTE
  GNU make is a SystemRequirements.
Flavors: r-oldrel-macos-arm64, r-oldrel-macos-x86_64