Last updated on 2025-11-04 05:51:21 CET.
| Flavor | Version | Tinstall | Tcheck | Ttotal | Status | Flags | 
|---|---|---|---|---|---|---|
| r-devel-linux-x86_64-debian-clang | 0.37.3 | 79.49 | 127.62 | 207.11 | OK | |
| r-devel-linux-x86_64-debian-gcc | 0.37.3 | 54.25 | 86.26 | 140.51 | OK | |
| r-devel-linux-x86_64-fedora-clang | 0.37.3 | 194.00 | 158.10 | 352.10 | OK | |
| r-devel-linux-x86_64-fedora-gcc | 0.37.3 | 144.00 | 182.51 | 326.51 | OK | |
| r-devel-windows-x86_64 | 0.37.3 | 84.00 | 167.00 | 251.00 | OK | |
| r-patched-linux-x86_64 | 0.37.3 | 73.46 | 118.65 | 192.11 | OK | |
| r-release-linux-x86_64 | 0.37.3 | 74.23 | 119.53 | 193.76 | OK | |
| r-release-macos-arm64 | 0.37.3 | 26.00 | 49.00 | 75.00 | OK | |
| r-release-macos-x86_64 | 0.37.3 | 36.00 | 100.00 | 136.00 | OK | |
| r-release-windows-x86_64 | 0.37.3 | 84.00 | 158.00 | 242.00 | OK | |
| r-oldrel-macos-arm64 | 0.37.3 | 34.00 | 46.00 | 80.00 | NOTE | |
| r-oldrel-macos-x86_64 | 0.37.3 | 27.00 | 66.00 | 93.00 | NOTE | |
| r-oldrel-windows-x86_64 | 0.37.3 | 114.00 | 206.00 | 320.00 | OK | 
Version: 0.37.3
Check: installed package size
Result: NOTE
    installed size is  7.2Mb
    sub-directories of 1Mb or more:
      data   2.9Mb
      libs   3.3Mb
Flavors: r-oldrel-macos-arm64, r-oldrel-macos-x86_64