Last updated on 2025-11-04 11:52:40 CET.
| Flavor | Version | Tinstall | Tcheck | Ttotal | Status | Flags | 
|---|---|---|---|---|---|---|
| r-devel-linux-x86_64-debian-clang | 1.1 | 1.71 | 22.03 | 23.74 | NOTE | |
| r-devel-linux-x86_64-debian-gcc | 1.1 | 1.27 | 18.66 | 19.93 | NOTE | |
| r-devel-linux-x86_64-fedora-clang | 1.1 | 35.22 | OK | |||
| r-devel-linux-x86_64-fedora-gcc | 1.1 | 46.48 | OK | |||
| r-devel-windows-x86_64 | 1.1 | 2.00 | 48.00 | 50.00 | OK | |
| r-patched-linux-x86_64 | 1.1 | 1.73 | 21.09 | 22.82 | OK | |
| r-release-linux-x86_64 | 1.1 | 1.49 | 21.04 | 22.53 | OK | |
| r-release-macos-arm64 | 1.1 | 1.00 | 26.00 | 27.00 | OK | |
| r-release-macos-x86_64 | 1.1 | 2.00 | 37.00 | 39.00 | OK | |
| r-release-windows-x86_64 | 1.1 | 2.00 | 46.00 | 48.00 | OK | |
| r-oldrel-macos-arm64 | 1.1 | 1.00 | 18.00 | 19.00 | OK | |
| r-oldrel-macos-x86_64 | 1.1 | 1.00 | 29.00 | 30.00 | OK | |
| r-oldrel-windows-x86_64 | 1.1 | 3.00 | 49.00 | 52.00 | OK | 
Version: 1.1
Check: CRAN incoming feasibility
Result: NOTE
  Maintainer: ‘Michael Fay <mfay@niaid.nih.gov>’
  
  No Authors@R field in DESCRIPTION.
  Please add one, modifying
    Authors@R: person(given = "Michael",
                      family = "Fay",
                      role = c("aut", "cre"),
                      email = "mfay@niaid.nih.gov")
  as necessary.
Flavors: r-devel-linux-x86_64-debian-clang, r-devel-linux-x86_64-debian-gcc