CRAN Package Check Results for Package ratelimitr

Last updated on 2025-10-14 12:50:33 CEST.

Flavor Version Tinstall Tcheck Ttotal Status Flags
r-devel-linux-x86_64-debian-clang 0.4.1 1.84 26.94 28.78 NOTE
r-devel-linux-x86_64-debian-gcc 0.4.1 1.62 22.90 24.52 NOTE
r-devel-linux-x86_64-fedora-clang 0.4.2 43.46 OK
r-devel-linux-x86_64-fedora-gcc 0.4.2 57.71 OK
r-devel-windows-x86_64 0.4.2 4.00 52.00 56.00 OK
r-patched-linux-x86_64 0.4.1 1.91 24.86 26.77 OK
r-release-linux-x86_64 0.4.1 1.65 24.98 26.63 OK
r-release-macos-arm64 0.4.2 33.00 OK
r-release-macos-x86_64 0.4.2 90.00 OK
r-release-windows-x86_64 0.4.1 3.00 64.00 67.00 OK
r-oldrel-macos-arm64 0.4.2 88.00 OK
r-oldrel-macos-x86_64 0.4.2 87.00 OK
r-oldrel-windows-x86_64 0.4.1 4.00 69.00 73.00 NOTE

Check Details

Version: 0.4.1
Check: CRAN incoming feasibility
Result: NOTE Maintainer: ‘Tarak Shah <tarak.shah@gmail.com>’ No Authors@R field in DESCRIPTION. Please add one, modifying Authors@R: person(given = "Tarak", family = "Shah", role = c("aut", "cre"), email = "tarak.shah@gmail.com") as necessary. Flavors: r-devel-linux-x86_64-debian-clang, r-devel-linux-x86_64-debian-gcc

Version: 0.4.1
Check: LazyData
Result: NOTE 'LazyData' is specified without a 'data' directory Flavor: r-oldrel-windows-x86_64

mirror server hosted at Truenetwork, Russian Federation.