Last updated on 2025-05-22 06:51:55 CEST.
Flavor | Version | Tinstall | Tcheck | Ttotal | Status | Flags |
---|---|---|---|---|---|---|
r-devel-linux-x86_64-debian-clang | 1.0.2 | 2.98 | 35.71 | 38.69 | NOTE | |
r-devel-linux-x86_64-debian-gcc | 1.0.2 | 1.97 | 27.11 | 29.08 | NOTE | |
r-devel-linux-x86_64-fedora-clang | 1.0.2 | 58.63 | NOTE | |||
r-devel-linux-x86_64-fedora-gcc | 1.0.2 | 72.67 | NOTE | |||
r-devel-windows-x86_64 | 1.0.2 | 5.00 | 69.00 | 74.00 | NOTE | |
r-patched-linux-x86_64 | 1.0.2 | 2.60 | 33.05 | 35.65 | NOTE | |
r-release-linux-x86_64 | 1.0.2 | 2.90 | 33.04 | 35.94 | NOTE | |
r-release-macos-arm64 | 1.0.2 | 29.00 | NOTE | |||
r-release-macos-x86_64 | 1.0.2 | 53.00 | NOTE | |||
r-release-windows-x86_64 | 1.0.2 | 4.00 | 54.00 | 58.00 | NOTE | |
r-oldrel-macos-arm64 | 1.0.2 | 25.00 | OK | |||
r-oldrel-macos-x86_64 | 1.0.2 | 40.00 | OK | |||
r-oldrel-windows-x86_64 | 1.0.2 | 5.00 | 62.00 | 67.00 | OK |
Version: 1.0.2
Check: DESCRIPTION meta-information
Result: NOTE
Missing dependency on R >= 4.1.0 because package code uses the pipe
|> or function shorthand \(...) syntax added in R 4.1.0.
File(s) using such syntax:
‘findblocks_bc.Rd’ ‘getdata_bc.Rd’ ‘listdata_bc.Rd’ ‘opendata_bc.Rd’
‘utils.R’
Flavors: r-devel-linux-x86_64-debian-clang, r-devel-linux-x86_64-debian-gcc, r-devel-linux-x86_64-fedora-clang, r-devel-linux-x86_64-fedora-gcc, r-devel-windows-x86_64, r-patched-linux-x86_64, r-release-linux-x86_64, r-release-macos-arm64, r-release-macos-x86_64, r-release-windows-x86_64