Last updated on 2025-02-22 11:51:39 CET.
Flavor | Version | Tinstall | Tcheck | Ttotal | Status | Flags |
---|---|---|---|---|---|---|
r-devel-linux-x86_64-debian-clang | 1.2.0 | 1.44 | 14.81 | 16.25 | OK | |
r-devel-linux-x86_64-debian-gcc | 1.2.0 | 1.32 | 12.47 | 13.79 | OK | |
r-devel-linux-x86_64-fedora-clang | 1.2.0 | 25.93 | OK | |||
r-devel-linux-x86_64-fedora-gcc | 1.2.0 | 24.84 | OK | |||
r-devel-macos-arm64 | 1.2.0 | 14.00 | OK | |||
r-devel-macos-x86_64 | 1.2.0 | 25.00 | OK | |||
r-devel-windows-x86_64 | 1.2.0 | 3.00 | 34.00 | 37.00 | OK | |
r-patched-linux-x86_64 | 1.2.0 | 4.71 | 14.33 | 19.04 | NOTE | |
r-release-linux-x86_64 | 1.2.0 | 1.48 | 14.50 | 15.98 | NOTE | |
r-release-macos-arm64 | 1.2.0 | 16.00 | NOTE | |||
r-release-macos-x86_64 | 1.2.0 | 23.00 | NOTE | |||
r-release-windows-x86_64 | 1.2.0 | 2.00 | 33.00 | 35.00 | NOTE | |
r-oldrel-macos-arm64 | 1.2.0 | 15.00 | NOTE | |||
r-oldrel-macos-x86_64 | 1.2.0 | 19.00 | NOTE | |||
r-oldrel-windows-x86_64 | 1.2.0 | 5.00 | 32.00 | 37.00 | NOTE |
Version: 1.2.0
Check: LazyData
Result: NOTE
'LazyData' is specified without a 'data' directory
Flavors: r-patched-linux-x86_64, r-release-linux-x86_64, r-release-macos-arm64, r-release-macos-x86_64, r-release-windows-x86_64, r-oldrel-macos-arm64, r-oldrel-macos-x86_64, r-oldrel-windows-x86_64